{"id":24417,"date":"2022-12-24T06:58:42","date_gmt":"2022-12-24T05:58:42","guid":{"rendered":"https:\/\/docmarket-dz.com\/?post_type=product&#038;p=24417"},"modified":"2026-03-10T09:16:58","modified_gmt":"2026-03-10T08:16:58","slug":"eau-oxygne-10v","status":"publish","type":"product","link":"https:\/\/docmarket-dz.com\/index.php\/product\/eau-oxygne-10v\/","title":{"rendered":"Eau oxyg\u00e9n\u00e9e  10V &#8211; Flacon 01 litre"},"content":{"rendered":"","protected":false},"excerpt":{"rendered":"","protected":false},"featured_media":29054,"comment_status":"open","ping_status":"closed","template":"","meta":{"content-type":"","om_disable_all_campaigns":false,"_uf_show_specific_survey":0,"_uf_disable_surveys":false,"jetpack_publicize_message":"","jetpack_publicize_feature_enabled":true,"jetpack_social_post_already_shared":false,"jetpack_social_options":{"image_generator_settings":{"template":"highway","default_image_id":0,"font":"","enabled":false},"version":2}},"product_brand":[],"product_cat":[487],"product_tag":[],"class_list":{"0":"post-24417","1":"product","2":"type-product","3":"status-publish","4":"has-post-thumbnail","6":"product_cat-medical","8":"first","9":"onbackorder","10":"featured","11":"purchasable","12":"product-type-simple"},"supplier_id":29328,"supplier_sku":"","barcode":null,"atum_controlled":true,"out_stock_date":null,"out_stock_threshold":null,"inheritable":false,"inbound_stock":0,"stock_on_hold":1,"sold_today":0,"sales_last_days":0,"reserved_stock":0,"customer_returns":0,"warehouse_damage":0,"lost_in_post":0,"other_logs":0,"out_stock_days":0,"lost_sales":0,"has_location":true,"update_date":"2026-04-10T23:04:01","atum_locations":[{"id":937,"name":"C0","slug":"c0"}],"atum_stock_status":"onbackorder","restock_status":false,"low_stock_amount":"","sales_update_date":"2026-04-10T23:04:01","calc_backorders":-1,"aioseo_notices":[],"jetpack_publicize_connections":[],"jetpack-related-posts":[{"id":27799,"url":"https:\/\/docmarket-dz.com\/index.php\/product\/eau-oxygenee-10v-2m\/","url_meta":{"origin":24417,"position":0},"title":"Eau oxygenee 10V 2M","author":"fatmazohra.nasri","date":"07\/11\/2023","format":false,"excerpt":"","rel":"","context":"Avec 1 commentaire","block_context":{"text":"Avec 1 commentaire","link":"https:\/\/docmarket-dz.com\/index.php\/product\/eau-oxygenee-10v-2m\/#comments"},"img":{"alt_text":"","src":"https:\/\/i0.wp.com\/docmarket-dz.com\/wp-content\/uploads\/2023\/10\/IMG_1702.png?fit=600%2C609&ssl=1&resize=350%2C200","width":350,"height":200,"srcset":"https:\/\/i0.wp.com\/docmarket-dz.com\/wp-content\/uploads\/2023\/10\/IMG_1702.png?fit=600%2C609&ssl=1&resize=350%2C200 1x, https:\/\/i0.wp.com\/docmarket-dz.com\/wp-content\/uploads\/2023\/10\/IMG_1702.png?fit=600%2C609&ssl=1&resize=525%2C300 1.5x"},"classes":[]},{"id":26651,"url":"https:\/\/docmarket-dz.com\/index.php\/product\/desinfectant-vacucid-2\/","url_meta":{"origin":24417,"position":1},"title":"DESINFECTANT VACUCID 2","author":"falek.h","date":"17\/03\/2023","format":false,"excerpt":"Nettoyage et d\u00e9sinfection des syst\u00e8mes d'aspiration Unident. Solution liquide concentr\u00e9e sans ald\u00e9hydes, ph\u00e9nol ou chlore. Pour traiter tous les syst\u00e8mes d'aspiration, les s\u00e9parateurs d'amalgame et les crachoirs. Large spectre d'action. Disponible en flacon de 1 litre et en bidon de 5 litres.","rel":"","context":"Article similaire","block_context":{"text":"Article similaire","link":""},"img":{"alt_text":"","src":"https:\/\/i0.wp.com\/docmarket-dz.com\/wp-content\/uploads\/2023\/03\/DESINFECTANT-VACUCID-2-e1680614688600.jpg?fit=600%2C600&ssl=1&resize=350%2C200","width":350,"height":200,"srcset":"https:\/\/i0.wp.com\/docmarket-dz.com\/wp-content\/uploads\/2023\/03\/DESINFECTANT-VACUCID-2-e1680614688600.jpg?fit=600%2C600&ssl=1&resize=350%2C200 1x, https:\/\/i0.wp.com\/docmarket-dz.com\/wp-content\/uploads\/2023\/03\/DESINFECTANT-VACUCID-2-e1680614688600.jpg?fit=600%2C600&ssl=1&resize=525%2C300 1.5x"},"classes":[]},{"id":27987,"url":"https:\/\/docmarket-dz.com\/index.php\/product\/autoclave-de-paillasse-table-classe-b-23-litres-modele-tanda-avec-usb-le-prix-change-selon-larrivage\/","url_meta":{"origin":24417,"position":2},"title":"Autoclave de paillasse classe B 24 Litres Mod\u00e8le TANDA","author":"fatmazohra.nasri","date":"04\/12\/2023","format":false,"excerpt":"Autoclave st\u00e9rilisateur avec Port USB, mod\u00e8le TANDA 24L -\u00a0\u00a0\u00a0 \u00a0 Norme Europ\u00e9enne B avec 3 temps de nettoyage et de s\u00e9chage -\u00a0\u00a0\u00a0\u00a0\u00a0 L\u2019Humidit\u00e9 r\u00e9siduelle est moins de 0,2 %\u00a0; La capacit\u00e9 du vide atteint -0,8bar -\u00a0\u00a0\u00a0\u00a0\u00a0 Avec port USB -\u00a0\u00a0\u00a0\u00a0\u00a0 Capteur mesurant la qualit\u00e9 de l\u2019eau \u00a0 Sp\u00e9cifications techniques :\u2026","rel":"","context":"Article similaire","block_context":{"text":"Article similaire","link":""},"img":{"alt_text":"","src":"https:\/\/i0.wp.com\/docmarket-dz.com\/wp-content\/uploads\/2023\/12\/2017725132534probigpic_1.jpg?fit=598%2C600&ssl=1&resize=350%2C200","width":350,"height":200,"srcset":"https:\/\/i0.wp.com\/docmarket-dz.com\/wp-content\/uploads\/2023\/12\/2017725132534probigpic_1.jpg?fit=598%2C600&ssl=1&resize=350%2C200 1x, https:\/\/i0.wp.com\/docmarket-dz.com\/wp-content\/uploads\/2023\/12\/2017725132534probigpic_1.jpg?fit=598%2C600&ssl=1&resize=525%2C300 1.5x"},"classes":[]},{"id":30013,"url":"https:\/\/docmarket-dz.com\/index.php\/product\/aniospray-29-bouteille-1l\/","url_meta":{"origin":24417,"position":3},"title":"ANIOSPRAY 29 &#8211; Bouteille 1L","author":"Sofiane Arbouche","date":"15\/04\/2025","format":false,"excerpt":"\ud83e\uddf4 Aniospray Surf 29 \u2013 D\u00e9sinfectant de surface professionnel sans rin\u00e7age (1L ou 5L) Aniospray Surf 29 est un d\u00e9sinfectant de surface pr\u00eat \u00e0 l\u2019emploi, sp\u00e9cialement con\u00e7u pour la d\u00e9sinfection rapide du mat\u00e9riel m\u00e9dical et des surfaces en milieu m\u00e9dical, param\u00e9dical et laboratoire. Formul\u00e9 sans ald\u00e9hyde, il garantit une action\u2026","rel":"","context":"Article similaire","block_context":{"text":"Article similaire","link":""},"img":{"alt_text":"","src":"","width":0,"height":0},"classes":[]},{"id":30686,"url":"https:\/\/docmarket-dz.com\/index.php\/product\/conteneur-de-dechet-dasri-30-litres\/","url_meta":{"origin":24417,"position":4},"title":"CONTENEUR DE DECHET DASRI- 30 Litres","author":"Amel","date":"03\/02\/2026","format":false,"excerpt":"CONTENEUR DE DECHET JAUNE 20 Litres","rel":"","context":"Article similaire","block_context":{"text":"Article similaire","link":""},"img":{"alt_text":"","src":"https:\/\/i0.wp.com\/docmarket-dz.com\/wp-content\/uploads\/2023\/10\/images-1-PhotoRoom.jpg?fit=500%2C500&ssl=1&resize=350%2C200","width":350,"height":200},"classes":[]},{"id":27601,"url":"https:\/\/docmarket-dz.com\/index.php\/product\/conteneur-de-dechet-20-litres\/","url_meta":{"origin":24417,"position":5},"title":"CONTENEUR DE DECHET DASRI- 12 Litres","author":"Somia Belmadani","date":"18\/10\/2023","format":false,"excerpt":"CONTENEUR DE DECHET JAUNE 12 Litres","rel":"","context":"Article similaire","block_context":{"text":"Article similaire","link":""},"img":{"alt_text":"","src":"https:\/\/i0.wp.com\/docmarket-dz.com\/wp-content\/uploads\/2023\/10\/GREGT-PhotoRoom.png?fit=598%2C606&ssl=1&resize=350%2C200","width":350,"height":200,"srcset":"https:\/\/i0.wp.com\/docmarket-dz.com\/wp-content\/uploads\/2023\/10\/GREGT-PhotoRoom.png?fit=598%2C606&ssl=1&resize=350%2C200 1x, https:\/\/i0.wp.com\/docmarket-dz.com\/wp-content\/uploads\/2023\/10\/GREGT-PhotoRoom.png?fit=598%2C606&ssl=1&resize=525%2C300 1.5x"},"classes":[]}],"jetpack_sharing_enabled":true,"tiered_pricing_type":"fixed","tiered_pricing_fixed_rules":[],"tiered_pricing_product_settings":{"layout":"default","base_unit_name":{"singular":null,"plural":null},"default_variation":null},"tiered_pricing_minimum_quantity":null,"tiered_pricing_roles_data":[],"tiered_pricing_percentage_rules":[],"_links":{"self":[{"href":"https:\/\/docmarket-dz.com\/index.php\/wp-json\/wp\/v2\/product\/24417","targetHints":{"allow":["GET"]}}],"collection":[{"href":"https:\/\/docmarket-dz.com\/index.php\/wp-json\/wp\/v2\/product"}],"about":[{"href":"https:\/\/docmarket-dz.com\/index.php\/wp-json\/wp\/v2\/types\/product"}],"replies":[{"embeddable":true,"href":"https:\/\/docmarket-dz.com\/index.php\/wp-json\/wp\/v2\/comments?post=24417"}],"wp:featuredmedia":[{"embeddable":true,"href":"https:\/\/docmarket-dz.com\/index.php\/wp-json\/wp\/v2\/media\/29054"}],"wp:attachment":[{"href":"https:\/\/docmarket-dz.com\/index.php\/wp-json\/wp\/v2\/media?parent=24417"}],"wp:term":[{"taxonomy":"product_brand","embeddable":true,"href":"https:\/\/docmarket-dz.com\/index.php\/wp-json\/wp\/v2\/product_brand?post=24417"},{"taxonomy":"product_cat","embeddable":true,"href":"https:\/\/docmarket-dz.com\/index.php\/wp-json\/wp\/v2\/product_cat?post=24417"},{"taxonomy":"product_tag","embeddable":true,"href":"https:\/\/docmarket-dz.com\/index.php\/wp-json\/wp\/v2\/product_tag?post=24417"}],"curies":[{"name":"wp","href":"https:\/\/api.w.org\/{rel}","templated":true}]}}