{"id":26230,"date":"2023-03-12T08:30:27","date_gmt":"2023-03-12T07:30:27","guid":{"rendered":"https:\/\/docmarket-dz.com\/?post_type=product&#038;p=26230"},"modified":"2023-08-09T14:05:55","modified_gmt":"2023-08-09T13:05:55","slug":"pese-adulte-electronique-accuro-2","status":"publish","type":"product","link":"https:\/\/docmarket-dz.com\/index.php\/product\/pese-adulte-electronique-accuro-2\/","title":{"rendered":"PESE ADULTE ELECTRONIQUE ACCURO"},"content":{"rendered":"","protected":false},"excerpt":{"rendered":"","protected":false},"featured_media":0,"comment_status":"open","ping_status":"closed","template":"","meta":{"content-type":"","om_disable_all_campaigns":false,"_uf_show_specific_survey":0,"_uf_disable_surveys":false,"jetpack_publicize_message":"","jetpack_publicize_feature_enabled":true,"jetpack_social_post_already_shared":false,"jetpack_social_options":{"image_generator_settings":{"template":"highway","default_image_id":0,"font":"","enabled":false},"version":2}},"product_brand":[],"product_cat":[487],"product_tag":[],"class_list":{"0":"post-26230","1":"product","2":"type-product","3":"status-publish","5":"product_cat-medical","7":"first","8":"onbackorder","9":"taxable","10":"shipping-taxable","11":"purchasable","12":"product-type-simple"},"supplier_id":null,"supplier_sku":"","barcode":null,"atum_controlled":true,"out_stock_date":null,"out_stock_threshold":null,"inheritable":false,"inbound_stock":0,"stock_on_hold":0,"sold_today":0,"sales_last_days":0,"reserved_stock":0,"customer_returns":0,"warehouse_damage":0,"lost_in_post":0,"other_logs":0,"out_stock_days":0,"lost_sales":0,"has_location":false,"update_date":"2026-05-02T00:16:16","atum_locations":[],"atum_stock_status":"onbackorder","restock_status":false,"low_stock_amount":"","sales_update_date":"2026-05-02T00:16:16","calc_backorders":null,"aioseo_notices":[],"jetpack_publicize_connections":[],"jetpack-related-posts":[{"id":26231,"url":"https:\/\/docmarket-dz.com\/index.php\/product\/pese-adulte-electronique-swingmed-2\/","url_meta":{"origin":26230,"position":0},"title":"PESE ADULTE ELECTRONIQUE SWINGMED","author":"falek.h","date":"12\/03\/2023","format":false,"excerpt":"","rel":"","context":"Article similaire","block_context":{"text":"Article similaire","link":""},"img":{"alt_text":"","src":"","width":0,"height":0},"classes":[]},{"id":29680,"url":"https:\/\/docmarket-dz.com\/index.php\/product\/pese-personne-electronique-avec-toise-batterie\/","url_meta":{"origin":26230,"position":1},"title":"P\u00e8se personne \u00e9lectronique avec toise &#8211; batterie","author":"Sofiane Arbouche","date":"18\/11\/2024","format":false,"excerpt":"","rel":"","context":"Article similaire","block_context":{"text":"Article similaire","link":""},"img":{"alt_text":"","src":"","width":0,"height":0},"classes":[]},{"id":27492,"url":"https:\/\/docmarket-dz.com\/index.php\/product\/tensiometre-lian-nano-avec-brassard-m-marque-spengler\/","url_meta":{"origin":26230,"position":2},"title":"Tensiometre LIAN nano avec brassard M  spengler","author":"fatmazohra.nasri","date":"16\/10\/2023","format":false,"excerpt":"Tensiom\u00e8tre manopoire Spengler Lian Nano L'essentiel du savoir-faire Spengler. L\u00e9ger mais costaud : Construit en ABS,\u00a0Lian Nano p\u00e8se moins de 150 grammes tout en \u00e9tant tr\u00e8s r\u00e9sistant aux chocs et aux chutes. Contenu Le tensiom\u00e8tre est livr\u00e9 avec un brassard taille Adulte (26-34 cm) et avec une trousse en nylon\u2026","rel":"","context":"Article similaire","block_context":{"text":"Article similaire","link":""},"img":{"alt_text":"","src":"https:\/\/i0.wp.com\/docmarket-dz.com\/wp-content\/uploads\/2023\/10\/91dPMzobjL._SL1500_Spengler.jpg?fit=1034%2C1200&ssl=1&resize=350%2C200","width":350,"height":200,"srcset":"https:\/\/i0.wp.com\/docmarket-dz.com\/wp-content\/uploads\/2023\/10\/91dPMzobjL._SL1500_Spengler.jpg?fit=1034%2C1200&ssl=1&resize=350%2C200 1x, https:\/\/i0.wp.com\/docmarket-dz.com\/wp-content\/uploads\/2023\/10\/91dPMzobjL._SL1500_Spengler.jpg?fit=1034%2C1200&ssl=1&resize=525%2C300 1.5x, https:\/\/i0.wp.com\/docmarket-dz.com\/wp-content\/uploads\/2023\/10\/91dPMzobjL._SL1500_Spengler.jpg?fit=1034%2C1200&ssl=1&resize=700%2C400 2x"},"classes":[]},{"id":25390,"url":"https:\/\/docmarket-dz.com\/index.php\/product\/brassard-pour-moniteur-2-voie-pour-adulte\/","url_meta":{"origin":26230,"position":3},"title":"BRASSARD POUR MONITEUR 2 VOIE POUR ADULTE","author":"falek.h","date":"12\/03\/2023","format":false,"excerpt":"BRASSARD POUR MONITEUR 2 VOIE POUR ADULTE","rel":"","context":"Article similaire","block_context":{"text":"Article similaire","link":""},"img":{"alt_text":"","src":"","width":0,"height":0},"classes":[]},{"id":25428,"url":"https:\/\/docmarket-dz.com\/index.php\/product\/masque-doxygene-adulte\/","url_meta":{"origin":26230,"position":4},"title":"MASQUE D&#8217;OXYGENE ADULTE","author":"falek.h","date":"12\/03\/2023","format":false,"excerpt":"","rel":"","context":"Article similaire","block_context":{"text":"Article similaire","link":""},"img":{"alt_text":"","src":"","width":0,"height":0},"classes":[]},{"id":25433,"url":"https:\/\/docmarket-dz.com\/index.php\/product\/plan-dur-adulte\/","url_meta":{"origin":26230,"position":5},"title":"PLAN DUR ADULTE","author":"falek.h","date":"12\/03\/2023","format":false,"excerpt":"","rel":"","context":"Article similaire","block_context":{"text":"Article similaire","link":""},"img":{"alt_text":"","src":"","width":0,"height":0},"classes":[]}],"jetpack_sharing_enabled":true,"tiered_pricing_type":"fixed","tiered_pricing_fixed_rules":[],"tiered_pricing_product_settings":{"layout":"default","base_unit_name":{"singular":null,"plural":null},"default_variation":null},"tiered_pricing_minimum_quantity":null,"tiered_pricing_roles_data":[],"tiered_pricing_percentage_rules":[],"_links":{"self":[{"href":"https:\/\/docmarket-dz.com\/index.php\/wp-json\/wp\/v2\/product\/26230","targetHints":{"allow":["GET"]}}],"collection":[{"href":"https:\/\/docmarket-dz.com\/index.php\/wp-json\/wp\/v2\/product"}],"about":[{"href":"https:\/\/docmarket-dz.com\/index.php\/wp-json\/wp\/v2\/types\/product"}],"replies":[{"embeddable":true,"href":"https:\/\/docmarket-dz.com\/index.php\/wp-json\/wp\/v2\/comments?post=26230"}],"wp:attachment":[{"href":"https:\/\/docmarket-dz.com\/index.php\/wp-json\/wp\/v2\/media?parent=26230"}],"wp:term":[{"taxonomy":"product_brand","embeddable":true,"href":"https:\/\/docmarket-dz.com\/index.php\/wp-json\/wp\/v2\/product_brand?post=26230"},{"taxonomy":"product_cat","embeddable":true,"href":"https:\/\/docmarket-dz.com\/index.php\/wp-json\/wp\/v2\/product_cat?post=26230"},{"taxonomy":"product_tag","embeddable":true,"href":"https:\/\/docmarket-dz.com\/index.php\/wp-json\/wp\/v2\/product_tag?post=26230"}],"curies":[{"name":"wp","href":"https:\/\/api.w.org\/{rel}","templated":true}]}}