{"id":26479,"date":"2023-03-17T13:00:27","date_gmt":"2023-03-17T12:00:27","guid":{"rendered":"https:\/\/docmarket-dz.com\/?post_type=product&#038;p=26479"},"modified":"2023-08-09T13:59:20","modified_gmt":"2023-08-09T12:59:20","slug":"biodentine-dose","status":"publish","type":"product","link":"https:\/\/docmarket-dz.com\/index.php\/product\/biodentine-dose\/","title":{"rendered":"BIODENTINE \/DOSE"},"content":{"rendered":"<h3 class=\"acc-title\">Caract\u00e9ristiques et b\u00e9n\u00e9fices<\/h3>\n<ul class=\"indication acc-content item\">\n<li>Multi-indications : r\u00e9paration endodontique et restauration.<\/li>\n<li>Gain de temps au fauteuil gr\u00e2ce au collage direct du composite d\u00e9sormais possible dans la m\u00eame s\u00e9ance.<\/li>\n<li>Formation de dentine r\u00e9actionnelle pour une pr\u00e9servation de la vitalit\u00e9 pulpaire.<\/li>\n<li>Ancrage microm\u00e9canique naturel pour d\u2019excellentes propri\u00e9t\u00e9s d\u2019\u00e9tanch\u00e9it\u00e9 sans conditionnement pr\u00e9alable de la surface.<\/li>\n<li>Propri\u00e9t\u00e9s et comportement m\u00e9caniques similaires \u00e0 ceux de la dentine humaine.<\/li>\n<li>Radio-opacit\u00e9 3,5 mm aluminium pour un suivi ais\u00e9 \u00e0 court et long terme.<\/li>\n<\/ul>\n","protected":false},"excerpt":{"rendered":"<p>Caract\u00e9ristiques et b\u00e9n\u00e9fices Multi-indications : r\u00e9paration endodontique et restauration. Gain de temps au fauteuil gr\u00e2ce au collage direct du composite d\u00e9sormais possible dans la m\u00eame s\u00e9ance. Formation de dentine r\u00e9actionnelle pour une pr\u00e9servation de la vitalit\u00e9 pulpaire. Ancrage microm\u00e9canique naturel pour d\u2019excellentes propri\u00e9t\u00e9s d\u2019\u00e9tanch\u00e9it\u00e9 sans conditionnement pr\u00e9alable de la surface. Propri\u00e9t\u00e9s et comportement m\u00e9caniques similaires [&hellip;]<\/p>\n","protected":false},"featured_media":27133,"comment_status":"open","ping_status":"closed","template":"","meta":{"content-type":"","om_disable_all_campaigns":false,"_uf_show_specific_survey":0,"_uf_disable_surveys":false,"jetpack_publicize_message":"","jetpack_publicize_feature_enabled":true,"jetpack_social_post_already_shared":false,"jetpack_social_options":{"image_generator_settings":{"template":"highway","default_image_id":0,"font":"","enabled":false},"version":2}},"product_brand":[],"product_cat":[100],"product_tag":[],"class_list":{"0":"post-26479","1":"product","2":"type-product","3":"status-publish","4":"has-post-thumbnail","6":"product_cat-dentaire","8":"first","9":"onbackorder","10":"taxable","11":"shipping-taxable","12":"purchasable","13":"product-type-simple"},"supplier_id":null,"supplier_sku":"","barcode":null,"atum_controlled":true,"out_stock_date":null,"out_stock_threshold":null,"inheritable":false,"inbound_stock":0,"stock_on_hold":0,"sold_today":0,"sales_last_days":0,"reserved_stock":0,"customer_returns":0,"warehouse_damage":0,"lost_in_post":0,"other_logs":0,"out_stock_days":0,"lost_sales":0,"has_location":false,"update_date":"2026-04-10T00:05:06","atum_locations":[],"atum_stock_status":"onbackorder","restock_status":false,"low_stock_amount":"","sales_update_date":"2026-04-10T00:05:06","calc_backorders":null,"aioseo_notices":[],"jetpack_publicize_connections":[],"jetpack-related-posts":[{"id":26495,"url":"https:\/\/docmarket-dz.com\/index.php\/product\/bonding-i-dental\/","url_meta":{"origin":26479,"position":0},"title":"BONDING I-DENTAL","author":"falek.h","date":"17\/03\/2023","format":false,"excerpt":"INDICATIONS Utilis\u00e9 pour lier la dentine et l'\u00e9mail aux mat\u00e9riaux de restauration \u00e0 base de polym\u00e8res. mat\u00e9riaux de restauration \u00e0 base de polym\u00e8res, les compom\u00e8res, les surfaces c\u00e9ramiques Pour am\u00e9liorer la r\u00e9tention d'une restauration AVANTAGES Simple d'utilisation Application universelle Bonnes propri\u00e9t\u00e9s de mouillage","rel":"","context":"Article similaire","block_context":{"text":"Article similaire","link":""},"img":{"alt_text":"","src":"https:\/\/i0.wp.com\/docmarket-dz.com\/wp-content\/uploads\/2023\/03\/BONDING-I-DENTAL-e1680698573262.jpg?fit=900%2C600&ssl=1&resize=350%2C200","width":350,"height":200,"srcset":"https:\/\/i0.wp.com\/docmarket-dz.com\/wp-content\/uploads\/2023\/03\/BONDING-I-DENTAL-e1680698573262.jpg?fit=900%2C600&ssl=1&resize=350%2C200 1x, https:\/\/i0.wp.com\/docmarket-dz.com\/wp-content\/uploads\/2023\/03\/BONDING-I-DENTAL-e1680698573262.jpg?fit=900%2C600&ssl=1&resize=525%2C300 1.5x, https:\/\/i0.wp.com\/docmarket-dz.com\/wp-content\/uploads\/2023\/03\/BONDING-I-DENTAL-e1680698573262.jpg?fit=900%2C600&ssl=1&resize=700%2C400 2x"},"classes":[]},{"id":26528,"url":"https:\/\/docmarket-dz.com\/index.php\/product\/cavit-e-temp\/","url_meta":{"origin":26479,"position":1},"title":"CAVITE E-TEMP","author":"falek.h","date":"01\/01\/1970","format":false,"excerpt":"e-Temp est un mat\u00e9riau d'obturation temporaire pour les cavit\u00e9s standards et les traitements post-endodontiques. Adh\u00e8re \u00e0 la dentine, se dilate l\u00e9g\u00e8rement lors de la prise et durcit rapidement pour assurer l'\u00e9tanch\u00e9it\u00e9 Propri\u00e9t\u00e9s m\u00e9caniques am\u00e9lior\u00e9es pour un remplissage temporaire rapide Activ\u00e9 par l'humidit\u00e9\u00a0: prend en 25\u00a0minutes ou moins Contient de l'oxyde\u2026","rel":"","context":"Article similaire","block_context":{"text":"Article similaire","link":""},"img":{"alt_text":"","src":"https:\/\/i0.wp.com\/docmarket-dz.com\/wp-content\/uploads\/1970\/01\/e-Temp-1.jpg?fit=600%2C600&ssl=1&resize=350%2C200","width":350,"height":200,"srcset":"https:\/\/i0.wp.com\/docmarket-dz.com\/wp-content\/uploads\/1970\/01\/e-Temp-1.jpg?fit=600%2C600&ssl=1&resize=350%2C200 1x, https:\/\/i0.wp.com\/docmarket-dz.com\/wp-content\/uploads\/1970\/01\/e-Temp-1.jpg?fit=600%2C600&ssl=1&resize=525%2C300 1.5x"},"classes":[]},{"id":26579,"url":"https:\/\/docmarket-dz.com\/index.php\/product\/composite-coffret-colten-brillant\/","url_meta":{"origin":26479,"position":2},"title":"COMPOSITE COFFRET COLTEN BRILLANT","author":"falek.h","date":"01\/01\/1970","format":false,"excerpt":"Contenu : \u2022 1 x 4 g BRILLIANT NG Dentin A1\/B1 \u2022 1 x 4 g BRILLIANT NG Dentin A2\/B2 \u2022 1 x 4 g BRILLIANT NG Dentin A3\/D3 \u2022 1 x 4 g BRILLIANT NG Enamel A1\/B1 \u2022 1 x 4 g BRILLIANT NG Enamel A2\/B2 \u2022 1 x\u2026","rel":"","context":"Article similaire","block_context":{"text":"Article similaire","link":""},"img":{"alt_text":"","src":"https:\/\/i0.wp.com\/docmarket-dz.com\/wp-content\/uploads\/1970\/01\/f8FkeC5.jpeg?fit=458%2C458&ssl=1&resize=350%2C200","width":350,"height":200},"classes":[]},{"id":26684,"url":"https:\/\/docmarket-dz.com\/index.php\/product\/edta-solution-i-dental\/","url_meta":{"origin":26479,"position":3},"title":"EDTA SOLUTION I-DENTAL","author":"falek.h","date":"17\/03\/2023","format":false,"excerpt":"i-EDTA Solution, edta liquide la marque i-dental Application : - Pour le nettoyage, la lubrification et l'irrigation - Aide \u00e0 la d\u00e9calcification de la dentine dans les parois des canaux - Aide \u00e0 l'\u00e9largissement des canaux - \u00c9limination de la couche de smear","rel":"","context":"Article similaire","block_context":{"text":"Article similaire","link":""},"img":{"alt_text":"","src":"https:\/\/i0.wp.com\/docmarket-dz.com\/wp-content\/uploads\/2023\/03\/EDTA-SOLUTION-I-DENTAL-e1680609264624.jpg?fit=600%2C600&ssl=1&resize=350%2C200","width":350,"height":200,"srcset":"https:\/\/i0.wp.com\/docmarket-dz.com\/wp-content\/uploads\/2023\/03\/EDTA-SOLUTION-I-DENTAL-e1680609264624.jpg?fit=600%2C600&ssl=1&resize=350%2C200 1x, https:\/\/i0.wp.com\/docmarket-dz.com\/wp-content\/uploads\/2023\/03\/EDTA-SOLUTION-I-DENTAL-e1680609264624.jpg?fit=600%2C600&ssl=1&resize=525%2C300 1.5x"},"classes":[]},{"id":26501,"url":"https:\/\/docmarket-dz.com\/index.php\/product\/bonding-universel-c-bond\/","url_meta":{"origin":26479,"position":4},"title":"BONDING UNIVERSEL C-BOND","author":"falek.h","date":"17\/03\/2023","format":false,"excerpt":"C-Bond est un adh\u00e9sif total-etch (mordan\u00e7age total) avec une excellente adh\u00e9sion \u00e0 la dentine et \u00e0 l\u00b4\u00e9mail dentaire. C-Bond assure une bonne r\u00e9tention entre le composite et la dent. Le mat\u00e9riau est d\u00b4une consistance fluide et facile \u00e0 appliquer. C-Bond adh\u00e8re aussi sur les ciments verre ionom\u00e8re pour fond de\u2026","rel":"","context":"Article similaire","block_context":{"text":"Article similaire","link":""},"img":{"alt_text":"","src":"https:\/\/i0.wp.com\/docmarket-dz.com\/wp-content\/uploads\/2023\/03\/BONDING-UNIVERSEL-C-BOND-e1680699009381.jpg?fit=777%2C600&ssl=1&resize=350%2C200","width":350,"height":200,"srcset":"https:\/\/i0.wp.com\/docmarket-dz.com\/wp-content\/uploads\/2023\/03\/BONDING-UNIVERSEL-C-BOND-e1680699009381.jpg?fit=777%2C600&ssl=1&resize=350%2C200 1x, https:\/\/i0.wp.com\/docmarket-dz.com\/wp-content\/uploads\/2023\/03\/BONDING-UNIVERSEL-C-BOND-e1680699009381.jpg?fit=777%2C600&ssl=1&resize=525%2C300 1.5x, https:\/\/i0.wp.com\/docmarket-dz.com\/wp-content\/uploads\/2023\/03\/BONDING-UNIVERSEL-C-BOND-e1680699009381.jpg?fit=777%2C600&ssl=1&resize=700%2C400 2x"},"classes":[]},{"id":26493,"url":"https:\/\/docmarket-dz.com\/index.php\/product\/bonding-es-com\/","url_meta":{"origin":26479,"position":5},"title":"BONDING ES COM","author":"falek.h","date":"17\/03\/2023","format":false,"excerpt":"EsBond\u00ae est un agent de liaison de 5\u00e8me g\u00e9n\u00e9ration qui offre des forces de liaison \u00e9lev\u00e9es dans une application pratique en flacon unique. Cet agent de liaison monocomposant est con\u00e7u pour lier toutes les classes de restaurations composites directes \u00e0 la dentine, \u00e0 l'\u00e9mail, ainsi qu'au composite, \u00e0 la porcelaine\u2026","rel":"","context":"Article similaire","block_context":{"text":"Article similaire","link":""},"img":{"alt_text":"","src":"https:\/\/i0.wp.com\/docmarket-dz.com\/wp-content\/uploads\/2023\/03\/ESBOND-min-e1680697583930.jpg?fit=632%2C600&ssl=1&resize=350%2C200","width":350,"height":200,"srcset":"https:\/\/i0.wp.com\/docmarket-dz.com\/wp-content\/uploads\/2023\/03\/ESBOND-min-e1680697583930.jpg?fit=632%2C600&ssl=1&resize=350%2C200 1x, https:\/\/i0.wp.com\/docmarket-dz.com\/wp-content\/uploads\/2023\/03\/ESBOND-min-e1680697583930.jpg?fit=632%2C600&ssl=1&resize=525%2C300 1.5x"},"classes":[]}],"jetpack_sharing_enabled":true,"tiered_pricing_type":"fixed","tiered_pricing_fixed_rules":[],"tiered_pricing_product_settings":{"layout":"default","base_unit_name":{"singular":null,"plural":null},"default_variation":null},"tiered_pricing_minimum_quantity":null,"tiered_pricing_roles_data":[],"tiered_pricing_percentage_rules":[],"_links":{"self":[{"href":"https:\/\/docmarket-dz.com\/index.php\/wp-json\/wp\/v2\/product\/26479","targetHints":{"allow":["GET"]}}],"collection":[{"href":"https:\/\/docmarket-dz.com\/index.php\/wp-json\/wp\/v2\/product"}],"about":[{"href":"https:\/\/docmarket-dz.com\/index.php\/wp-json\/wp\/v2\/types\/product"}],"replies":[{"embeddable":true,"href":"https:\/\/docmarket-dz.com\/index.php\/wp-json\/wp\/v2\/comments?post=26479"}],"wp:featuredmedia":[{"embeddable":true,"href":"https:\/\/docmarket-dz.com\/index.php\/wp-json\/wp\/v2\/media\/27133"}],"wp:attachment":[{"href":"https:\/\/docmarket-dz.com\/index.php\/wp-json\/wp\/v2\/media?parent=26479"}],"wp:term":[{"taxonomy":"product_brand","embeddable":true,"href":"https:\/\/docmarket-dz.com\/index.php\/wp-json\/wp\/v2\/product_brand?post=26479"},{"taxonomy":"product_cat","embeddable":true,"href":"https:\/\/docmarket-dz.com\/index.php\/wp-json\/wp\/v2\/product_cat?post=26479"},{"taxonomy":"product_tag","embeddable":true,"href":"https:\/\/docmarket-dz.com\/index.php\/wp-json\/wp\/v2\/product_tag?post=26479"}],"curies":[{"name":"wp","href":"https:\/\/api.w.org\/{rel}","templated":true}]}}