{"id":26532,"date":"1970-01-01T00:00:00","date_gmt":"1970-01-01T00:00:00","guid":{"rendered":"https:\/\/docmarket-dz.com\/?post_type=product&#038;p=26532"},"modified":"2023-10-04T10:53:38","modified_gmt":"2023-10-04T09:53:38","slug":"ceram-etch","status":"publish","type":"product","link":"https:\/\/docmarket-dz.com\/index.php\/product\/ceram-etch\/","title":{"rendered":"CERAM ETCH"},"content":{"rendered":"<p><strong><span>CERAM-ETCH<\/span><\/strong><span>\u00a0\u00a0est un gel visqueux d&#8217;acide fluorhydrique indiqu\u00e9 pour la gravure des porcelaines et c\u00e9ramiques \u00e0 base de verre. Il gravera les c\u00e9ramiques de tous types pour cr\u00e9er une surface microporeuse qui donne un fort verrouillage m\u00e9canique avec les mat\u00e9riaux en r\u00e9sine composite.<\/span><\/p>\n<p><strong><span>LES INDICATIONS:<\/span><\/strong><\/p>\n<ul>\n<li><span>Couronnes en vitroc\u00e9ramique<\/span><\/li>\n<li><span>Facettes et incrustations<\/span><\/li>\n<li><span>Pour la r\u00e9paration des couronnes fractur\u00e9es en c\u00e9ramique et c\u00e9ramo-m\u00e9tallique<\/span><\/li>\n<\/ul>\n<p><strong><span>COMPOSITION:<\/span><\/strong><\/p>\n<ul>\n<li><span>Acide fluorhydrique -9%<\/span><\/li>\n<li><span>Eau -90%<\/span><\/li>\n<li><span>Agent \u00e9paississant -1%<\/span><\/li>\n<\/ul>\n<p><strong><span>Stockage<\/span><\/strong><\/p>\n<ul>\n<li><span>Ne pas conserver au-dessus de 24\u00b0C.\u00a0Reboucher apr\u00e8s utilisation et conserver au r\u00e9frig\u00e9rateur pour optimiser la fra\u00eecheur du produit.<\/span><\/li>\n<\/ul>\n<p><strong><span>Disponible en<\/span><\/strong><\/p>\n<ul>\n<li><span>2 seringues de 1,2 ml<\/span><\/li>\n<li><span>4 x Conseils<\/span><\/li>\n<\/ul>\n","protected":false},"excerpt":{"rendered":"<p>CERAM-ETCH\u00a0\u00a0est un gel visqueux d&#8217;acide fluorhydrique indiqu\u00e9 pour la gravure des porcelaines et c\u00e9ramiques \u00e0 base de verre. Il gravera les c\u00e9ramiques de tous types pour cr\u00e9er une surface microporeuse qui donne un fort verrouillage m\u00e9canique avec les mat\u00e9riaux en r\u00e9sine composite. LES INDICATIONS: Couronnes en vitroc\u00e9ramique Facettes et incrustations Pour la r\u00e9paration des couronnes [&hellip;]<\/p>\n","protected":false},"featured_media":27370,"comment_status":"open","ping_status":"closed","template":"","meta":{"content-type":"","om_disable_all_campaigns":false,"_uf_show_specific_survey":0,"_uf_disable_surveys":false,"jetpack_publicize_message":"","jetpack_publicize_feature_enabled":true,"jetpack_social_post_already_shared":false,"jetpack_social_options":{"image_generator_settings":{"template":"highway","default_image_id":0,"font":"","enabled":false},"version":2}},"product_brand":[],"product_cat":[100],"product_tag":[],"class_list":{"0":"post-26532","1":"product","2":"type-product","3":"status-publish","4":"has-post-thumbnail","6":"product_cat-dentaire","8":"first","9":"onbackorder","10":"taxable","11":"shipping-taxable","12":"purchasable","13":"product-type-simple"},"supplier_id":null,"supplier_sku":"","barcode":null,"atum_controlled":true,"out_stock_date":null,"out_stock_threshold":null,"inheritable":false,"inbound_stock":0,"stock_on_hold":0,"sold_today":0,"sales_last_days":0,"reserved_stock":0,"customer_returns":0,"warehouse_damage":0,"lost_in_post":0,"other_logs":0,"out_stock_days":0,"lost_sales":0,"has_location":false,"update_date":"2026-04-16T00:07:53","atum_locations":[],"atum_stock_status":"onbackorder","restock_status":false,"low_stock_amount":"","sales_update_date":"2026-04-16T00:07:53","calc_backorders":null,"aioseo_notices":[],"jetpack_publicize_connections":[],"jetpack-related-posts":[{"id":26586,"url":"https:\/\/docmarket-dz.com\/index.php\/product\/composite-composan-ceram-promedica\/","url_meta":{"origin":26532,"position":0},"title":"COMPOSITE COMPOSAN CERAM PROMEDICA","author":"falek.h","date":"01\/01\/1970","format":false,"excerpt":"LES INDICATIONS\u00a0 Obturations des classes I \u00e0 V Reconstruction des parties ant\u00e9rieures traumatis\u00e9es Corrections de couleur et de forme pour une apparence esth\u00e9tique am\u00e9lior\u00e9e Verrouillage, attelle des parties ant\u00e9rieures l\u00e2ches Scellement prolong\u00e9 des fissures pour molaires et pr\u00e9molaires R\u00e9paration de facettes Accumulations de base Particuli\u00e8rement adapt\u00e9 aux inlays composites AVANTAGES\u2026","rel":"","context":"Article similaire","block_context":{"text":"Article similaire","link":""},"img":{"alt_text":"","src":"https:\/\/i0.wp.com\/docmarket-dz.com\/wp-content\/uploads\/1970\/01\/1861-D002762.jpg?fit=500%2C500&ssl=1&resize=350%2C200","width":350,"height":200},"classes":[]},{"id":26680,"url":"https:\/\/docmarket-dz.com\/index.php\/product\/edta-ceram\/","url_meta":{"origin":26532,"position":1},"title":"EDTA CERAM","author":"falek.h","date":"17\/03\/2023","format":false,"excerpt":"EDTA en cr\u00e8me pour le nettoyage et la mise en forme canalaire MM-EDTA Cream permet un nettoyage et une mise en forme efficaces du r\u00e9seau canalaire. Il facilite la p\u00e9n\u00e9tration des instruments de pr\u00e9paration gr\u00e2ce \u00e0 son action de lubrification et favorise la remont\u00e9e des d\u00e9bris intracanalaires en direction coronaire.","rel":"","context":"Article similaire","block_context":{"text":"Article similaire","link":""},"img":{"alt_text":"","src":"https:\/\/i0.wp.com\/docmarket-dz.com\/wp-content\/uploads\/2023\/03\/EDTA-CREME-CANAL-PREP-e1680608339454.jpg?fit=600%2C600&ssl=1&resize=350%2C200","width":350,"height":200,"srcset":"https:\/\/i0.wp.com\/docmarket-dz.com\/wp-content\/uploads\/2023\/03\/EDTA-CREME-CANAL-PREP-e1680608339454.jpg?fit=600%2C600&ssl=1&resize=350%2C200 1x, https:\/\/i0.wp.com\/docmarket-dz.com\/wp-content\/uploads\/2023\/03\/EDTA-CREME-CANAL-PREP-e1680608339454.jpg?fit=600%2C600&ssl=1&resize=525%2C300 1.5x"},"classes":[]},{"id":26495,"url":"https:\/\/docmarket-dz.com\/index.php\/product\/bonding-i-dental\/","url_meta":{"origin":26532,"position":2},"title":"BONDING I-DENTAL","author":"falek.h","date":"17\/03\/2023","format":false,"excerpt":"INDICATIONS Utilis\u00e9 pour lier la dentine et l'\u00e9mail aux mat\u00e9riaux de restauration \u00e0 base de polym\u00e8res. mat\u00e9riaux de restauration \u00e0 base de polym\u00e8res, les compom\u00e8res, les surfaces c\u00e9ramiques Pour am\u00e9liorer la r\u00e9tention d'une restauration AVANTAGES Simple d'utilisation Application universelle Bonnes propri\u00e9t\u00e9s de mouillage","rel":"","context":"Article similaire","block_context":{"text":"Article similaire","link":""},"img":{"alt_text":"","src":"https:\/\/i0.wp.com\/docmarket-dz.com\/wp-content\/uploads\/2023\/03\/BONDING-I-DENTAL-e1680698573262.jpg?fit=900%2C600&ssl=1&resize=350%2C200","width":350,"height":200,"srcset":"https:\/\/i0.wp.com\/docmarket-dz.com\/wp-content\/uploads\/2023\/03\/BONDING-I-DENTAL-e1680698573262.jpg?fit=900%2C600&ssl=1&resize=350%2C200 1x, https:\/\/i0.wp.com\/docmarket-dz.com\/wp-content\/uploads\/2023\/03\/BONDING-I-DENTAL-e1680698573262.jpg?fit=900%2C600&ssl=1&resize=525%2C300 1.5x, https:\/\/i0.wp.com\/docmarket-dz.com\/wp-content\/uploads\/2023\/03\/BONDING-I-DENTAL-e1680698573262.jpg?fit=900%2C600&ssl=1&resize=700%2C400 2x"},"classes":[]},{"id":26471,"url":"https:\/\/docmarket-dz.com\/index.php\/product\/aphtisol-pd\/","url_meta":{"origin":26532,"position":3},"title":"I GINGI Calm 20 ml acide trichloroacetique","author":"falek.h","date":"17\/03\/2023","format":false,"excerpt":"Solution pour le traitement de la muqueuse buccale ulc\u00e9r\u00e9e et de l'aphte Composition Eug\u00e9nol 90%, acide trichlorac\u00e9tique 8,1%, excipient ad 100%. Propri\u00e9t\u00e9s PD Aphtisol est une pr\u00e9paration combinant les qualit\u00e9s antiseptiques, analg\u00e9siques et s\u00e9datives de l'eug\u00e9nol avec les effets astringents et caustiques de l'acide trichlorac\u00e9tique. Indications Traitement des aphtes et\u2026","rel":"","context":"Article similaire","block_context":{"text":"Article similaire","link":""},"img":{"alt_text":"","src":"","width":0,"height":0},"classes":[]},{"id":26599,"url":"https:\/\/docmarket-dz.com\/index.php\/product\/composite-seringue-megafil\/","url_meta":{"origin":26532,"position":4},"title":"COMPOSITE SERINGUE MEGAFIL","author":"falek.h","date":"17\/03\/2023","format":false,"excerpt":"Composite micro-hybride photopolym\u00e9risable pour les dents ant\u00e9rieures et post\u00e9rieures. R\u00e9fl\u00e9chit la lumi\u00e8re naturelle et artificielle. Radiopaque. Le verre souple utilis\u00e9 comme charge a une duret\u00e9 de 5,5 Mohs, ce qui correspond \u00e0 la duret\u00e9 de la substance naturelle de la dent. Le verre doublement silanis\u00e9 donne un excellent polissage, un\u2026","rel":"","context":"Article similaire","block_context":{"text":"Article similaire","link":""},"img":{"alt_text":"","src":"https:\/\/i0.wp.com\/docmarket-dz.com\/wp-content\/uploads\/2023\/03\/COMPOSITE-SERINGUE-MEGAFIL-e1680617734994.jpg?fit=600%2C600&ssl=1&resize=350%2C200","width":350,"height":200,"srcset":"https:\/\/i0.wp.com\/docmarket-dz.com\/wp-content\/uploads\/2023\/03\/COMPOSITE-SERINGUE-MEGAFIL-e1680617734994.jpg?fit=600%2C600&ssl=1&resize=350%2C200 1x, https:\/\/i0.wp.com\/docmarket-dz.com\/wp-content\/uploads\/2023\/03\/COMPOSITE-SERINGUE-MEGAFIL-e1680617734994.jpg?fit=600%2C600&ssl=1&resize=525%2C300 1.5x"},"classes":[]},{"id":26499,"url":"https:\/\/docmarket-dz.com\/index.php\/product\/bonding-quickbond-prime\/","url_meta":{"origin":26532,"position":5},"title":"BONDING QUICKBOND PRIME","author":"falek.h","date":"17\/03\/2023","format":false,"excerpt":"Collage du composite selon la technique A - B. Collage en douceur \u00e0 un endroit o\u00f9 l'on s'inqui\u00e9terait de la sensibilit\u00e9. De cette mani\u00e8re, nous pouvons r\u00e9duire l'impact sur l'organisme. Indication : Primer A, acide","rel":"","context":"Article similaire","block_context":{"text":"Article similaire","link":""},"img":{"alt_text":"","src":"https:\/\/i0.wp.com\/docmarket-dz.com\/wp-content\/uploads\/2023\/03\/BONDING-QUICKBOND-PRIME.jpg?fit=600%2C600&ssl=1&resize=350%2C200","width":350,"height":200,"srcset":"https:\/\/i0.wp.com\/docmarket-dz.com\/wp-content\/uploads\/2023\/03\/BONDING-QUICKBOND-PRIME.jpg?fit=600%2C600&ssl=1&resize=350%2C200 1x, https:\/\/i0.wp.com\/docmarket-dz.com\/wp-content\/uploads\/2023\/03\/BONDING-QUICKBOND-PRIME.jpg?fit=600%2C600&ssl=1&resize=525%2C300 1.5x"},"classes":[]}],"jetpack_sharing_enabled":true,"tiered_pricing_type":"fixed","tiered_pricing_fixed_rules":[],"tiered_pricing_product_settings":{"layout":"default","base_unit_name":{"singular":null,"plural":null},"default_variation":null},"tiered_pricing_minimum_quantity":null,"tiered_pricing_roles_data":[],"tiered_pricing_percentage_rules":[],"_links":{"self":[{"href":"https:\/\/docmarket-dz.com\/index.php\/wp-json\/wp\/v2\/product\/26532","targetHints":{"allow":["GET"]}}],"collection":[{"href":"https:\/\/docmarket-dz.com\/index.php\/wp-json\/wp\/v2\/product"}],"about":[{"href":"https:\/\/docmarket-dz.com\/index.php\/wp-json\/wp\/v2\/types\/product"}],"replies":[{"embeddable":true,"href":"https:\/\/docmarket-dz.com\/index.php\/wp-json\/wp\/v2\/comments?post=26532"}],"wp:featuredmedia":[{"embeddable":true,"href":"https:\/\/docmarket-dz.com\/index.php\/wp-json\/wp\/v2\/media\/27370"}],"wp:attachment":[{"href":"https:\/\/docmarket-dz.com\/index.php\/wp-json\/wp\/v2\/media?parent=26532"}],"wp:term":[{"taxonomy":"product_brand","embeddable":true,"href":"https:\/\/docmarket-dz.com\/index.php\/wp-json\/wp\/v2\/product_brand?post=26532"},{"taxonomy":"product_cat","embeddable":true,"href":"https:\/\/docmarket-dz.com\/index.php\/wp-json\/wp\/v2\/product_cat?post=26532"},{"taxonomy":"product_tag","embeddable":true,"href":"https:\/\/docmarket-dz.com\/index.php\/wp-json\/wp\/v2\/product_tag?post=26532"}],"curies":[{"name":"wp","href":"https:\/\/api.w.org\/{rel}","templated":true}]}}