{"id":26583,"date":"1970-01-01T00:00:00","date_gmt":"1970-01-01T00:00:00","guid":{"rendered":"https:\/\/docmarket-dz.com\/?post_type=product&#038;p=26583"},"modified":"2023-10-11T10:18:15","modified_gmt":"2023-10-11T09:18:15","slug":"composite-coffret-ventura-7ser","status":"publish","type":"product","link":"https:\/\/docmarket-dz.com\/index.php\/product\/composite-coffret-ventura-7ser\/","title":{"rendered":"COMPOSITE COFFRET VENTURA 7SER"},"content":{"rendered":"<h3 class=\"sc-1a7juzs-2 ffuLjI\">DESCRIPTION<\/h3>\n<div>\n<div>\n<div class=\"sc-3fi1by-1 chZLCL\">\n<div class=\"sc-3fi1by-0 hlEuXW\">Composite nano-hybride. Le composite nano-hybride universel photopolym\u00e9risable qui permet de r\u00e9aliser d&#8217;excellentes restaurations ant\u00e9rieures et post\u00e9rieures de haute qualit\u00e9.<\/div>\n<div class=\"sc-3fi1by-0 hlEuXW\">Il s&#8217;agit d&#8217;un composite hybride moderne modifi\u00e9 avec des nanoparticules de c\u00e9ramique. Il pr\u00e9sente donc d&#8217;excellentes propri\u00e9t\u00e9s de manipulation et garantit des restaurations esth\u00e9tiques, s\u00fbres et durables gr\u00e2ce \u00e0 sa faible solubilit\u00e9 dans l&#8217;eau, \u00e0 sa grande stabilit\u00e9 de couleur et \u00e0 ses excellentes propri\u00e9t\u00e9s de polissage et de brillance. Teneur en fluor.<\/div>\n<h4 class=\"sc-3fi1by-0 hlEuXW\">Caract\u00e9ristiques et avantages :<\/h4>\n<div class=\"sc-3fi1by-0 hlEuXW\">Teneur en charges 81%, particules de 0,05 \u00e0 0,9 microns. Tr\u00e8s faible solubilit\u00e9 dans l&#8217;eau et grande stabilit\u00e9 de la couleur. Lib\u00e9ration de fluorure. Excellent polissage. Fluorescence naturelle. Manipulation ais\u00e9e. Facile \u00e0 utiliser dans les restaurations post\u00e9rieures et ant\u00e9rieures. Bonne r\u00e9sistance \u00e0 la fracture, solidit\u00e9 et r\u00e9sistance \u00e0 l&#8217;usure. Facile \u00e0 adapter \u00e0 la cavit\u00e9.<\/div>\n<h5 class=\"sc-3fi1by-0 hlEuXW\">KIT VENTURA NANOLUX 4 SERINGUES :<\/h5>\n<div class=\"sc-3fi1by-0 hlEuXW\">4 x 4 g : A2- A3- A3,5-<\/div>\n<div class=\"sc-3fi1by-0 hlEuXW\">B2. 1 ventura unibond 2 &#8211; 5 ml.<\/div>\n<div class=\"sc-3fi1by-0 hlEuXW\">50 brosses ventura .<\/div>\n<div class=\"sc-3fi1by-0 hlEuXW\">1 gel de gravure ventura x 3 ml + 5 embouts.<\/div>\n<div><\/div>\n<h5 class=\"sc-3fi1by-0 hlEuXW\">KIT VENTURA NANOLUX 7 SERINGUES<\/h5>\n<div class=\"sc-3fi1by-0 hlEuXW\">6 x 4 g : A1- A2- A3- A3,5- B2- C2.<\/div>\n<div class=\"sc-3fi1by-0 hlEuXW\">1 x 3,4 g ventura flow : A3 + 4 embouts.<\/div>\n<div class=\"sc-3fi1by-0 hlEuXW\">1 ventura unibond 2 &#8211; 5 ml.<\/div>\n<div class=\"sc-3fi1by-0 hlEuXW\">50 brosses ventura.<\/div>\n<div class=\"sc-3fi1by-0 hlEuXW\">1 gel de gravure ventura x 3 ml + 5 pointes.<\/div>\n<\/div>\n<\/div>\n<\/div>\n","protected":false},"excerpt":{"rendered":"<p>DESCRIPTION Composite nano-hybride. Le composite nano-hybride universel photopolym\u00e9risable qui permet de r\u00e9aliser d&#8217;excellentes restaurations ant\u00e9rieures et post\u00e9rieures de haute qualit\u00e9. Il s&#8217;agit d&#8217;un composite hybride moderne modifi\u00e9 avec des nanoparticules de c\u00e9ramique. Il pr\u00e9sente donc d&#8217;excellentes propri\u00e9t\u00e9s de manipulation et garantit des restaurations esth\u00e9tiques, s\u00fbres et durables gr\u00e2ce \u00e0 sa faible solubilit\u00e9 dans l&#8217;eau, \u00e0 [&hellip;]<\/p>\n","protected":false},"featured_media":27452,"comment_status":"open","ping_status":"closed","template":"","meta":{"content-type":"","om_disable_all_campaigns":false,"_uf_show_specific_survey":0,"_uf_disable_surveys":false,"jetpack_publicize_message":"","jetpack_publicize_feature_enabled":true,"jetpack_social_post_already_shared":false,"jetpack_social_options":{"image_generator_settings":{"template":"highway","default_image_id":0,"font":"","enabled":false},"version":2}},"product_brand":[],"product_cat":[100],"product_tag":[],"class_list":{"0":"post-26583","1":"product","2":"type-product","3":"status-publish","4":"has-post-thumbnail","6":"product_cat-dentaire","8":"first","9":"onbackorder","10":"taxable","11":"shipping-taxable","12":"purchasable","13":"product-type-simple"},"supplier_id":null,"supplier_sku":"","barcode":null,"atum_controlled":true,"out_stock_date":null,"out_stock_threshold":null,"inheritable":false,"inbound_stock":0,"stock_on_hold":0,"sold_today":0,"sales_last_days":0,"reserved_stock":0,"customer_returns":0,"warehouse_damage":0,"lost_in_post":0,"other_logs":0,"out_stock_days":0,"lost_sales":0,"has_location":false,"update_date":"2026-04-16T00:07:54","atum_locations":[],"atum_stock_status":"onbackorder","restock_status":false,"low_stock_amount":"","sales_update_date":"2026-04-16T00:07:54","calc_backorders":null,"aioseo_notices":[],"jetpack_publicize_connections":[],"jetpack-related-posts":[{"id":26582,"url":"https:\/\/docmarket-dz.com\/index.php\/product\/composite-coffret-reflectys-itena\/","url_meta":{"origin":26583,"position":0},"title":"COMPOSITE COFFRET REFLECTYS ITENA","author":"falek.h","date":"01\/01\/1970","format":false,"excerpt":"Composite universel pour restauration ant\u00e9rieure et post\u00e9rieure Coffret Stratification : 7 seringues Reflectys : A1 \/ A2 \/ A3 \/ A2O \/ A3O \/ E \/ I + 1 seringue de DentoEtch + 1 Iperbond Ultra Id\u00e9al pour les\u00a0restaurations post\u00e9rieures\u00a0sujettes \u00e0 de grands stress et les\u00a0restaurations ant\u00e9rieures\u00a0demandant un haut niveau\u2026","rel":"","context":"Article similaire","block_context":{"text":"Article similaire","link":""},"img":{"alt_text":"","src":"https:\/\/i0.wp.com\/docmarket-dz.com\/wp-content\/uploads\/1970\/01\/coffret-reflectys-e1697015621115.jpg?fit=600%2C600&ssl=1&resize=350%2C200","width":350,"height":200,"srcset":"https:\/\/i0.wp.com\/docmarket-dz.com\/wp-content\/uploads\/1970\/01\/coffret-reflectys-e1697015621115.jpg?fit=600%2C600&ssl=1&resize=350%2C200 1x, https:\/\/i0.wp.com\/docmarket-dz.com\/wp-content\/uploads\/1970\/01\/coffret-reflectys-e1697015621115.jpg?fit=600%2C600&ssl=1&resize=525%2C300 1.5x"},"classes":[]},{"id":26599,"url":"https:\/\/docmarket-dz.com\/index.php\/product\/composite-seringue-megafil\/","url_meta":{"origin":26583,"position":1},"title":"COMPOSITE SERINGUE MEGAFIL","author":"falek.h","date":"17\/03\/2023","format":false,"excerpt":"Composite micro-hybride photopolym\u00e9risable pour les dents ant\u00e9rieures et post\u00e9rieures. R\u00e9fl\u00e9chit la lumi\u00e8re naturelle et artificielle. Radiopaque. Le verre souple utilis\u00e9 comme charge a une duret\u00e9 de 5,5 Mohs, ce qui correspond \u00e0 la duret\u00e9 de la substance naturelle de la dent. Le verre doublement silanis\u00e9 donne un excellent polissage, un\u2026","rel":"","context":"Article similaire","block_context":{"text":"Article similaire","link":""},"img":{"alt_text":"","src":"https:\/\/i0.wp.com\/docmarket-dz.com\/wp-content\/uploads\/2023\/03\/COMPOSITE-SERINGUE-MEGAFIL-e1680617734994.jpg?fit=600%2C600&ssl=1&resize=350%2C200","width":350,"height":200,"srcset":"https:\/\/i0.wp.com\/docmarket-dz.com\/wp-content\/uploads\/2023\/03\/COMPOSITE-SERINGUE-MEGAFIL-e1680617734994.jpg?fit=600%2C600&ssl=1&resize=350%2C200 1x, https:\/\/i0.wp.com\/docmarket-dz.com\/wp-content\/uploads\/2023\/03\/COMPOSITE-SERINGUE-MEGAFIL-e1680617734994.jpg?fit=600%2C600&ssl=1&resize=525%2C300 1.5x"},"classes":[]},{"id":26566,"url":"https:\/\/docmarket-dz.com\/index.php\/product\/coffret-composite-gradia-direct-7ser\/","url_meta":{"origin":26583,"position":2},"title":"COFFRET COMPOSITE GRADIA DIRECT 7SERINGUES","author":"falek.h","date":"01\/01\/1970","format":false,"excerpt":"Avantages : R\u00e9sine composite hybride micro charg\u00e9e con\u00e7ue \u00e0 partir du syst\u00e8me \u00e9prouv\u00e9 au laboratoire GC Gradia \u00a0Un syst\u00e8me unique de restauration pour tous vos besoins \u00a0Syst\u00e8me qui se compose de teintes Standard, \"Outside Special\" et \"Inside Special\" Concept unique pour des restaurations plus faciles Comment l'utiliser? \u00a0\u00a0\u00a0\u00a0Teintes Standards: Effet\u2026","rel":"","context":"Article similaire","block_context":{"text":"Article similaire","link":""},"img":{"alt_text":"","src":"https:\/\/i0.wp.com\/docmarket-dz.com\/wp-content\/uploads\/1970\/01\/2019.09.18.23.28.04_5d82a1645a81a_13791_1462453137_big.jpg?fit=500%2C500&ssl=1&resize=350%2C200","width":350,"height":200},"classes":[]},{"id":26567,"url":"https:\/\/docmarket-dz.com\/index.php\/product\/coffret-composite-prime-dent-photo\/","url_meta":{"origin":26583,"position":3},"title":"COFFRET COMPOSITE PRIME-DENT","author":"falek.h","date":"01\/01\/1970","format":false,"excerpt":"Le kit composite hybride dentaire Prime est un kit de restauration contenant une r\u00e9sine composite, un agent de gravure et un agent de liaison.\u00a07 seringues de 4,5 g chacune de composite photopolym\u00e9risable sont incluses dans le kit de restauration.\u00a0De plus, un flacon d'enchantement (7,5 ml) et de la colle de\u2026","rel":"","context":"Article similaire","block_context":{"text":"Article similaire","link":""},"img":{"alt_text":"","src":"https:\/\/i0.wp.com\/docmarket-dz.com\/wp-content\/uploads\/1970\/01\/prime-dent-kit-min-e1697012420677.webp?fit=600%2C600&ssl=1&resize=350%2C200","width":350,"height":200,"srcset":"https:\/\/i0.wp.com\/docmarket-dz.com\/wp-content\/uploads\/1970\/01\/prime-dent-kit-min-e1697012420677.webp?fit=600%2C600&ssl=1&resize=350%2C200 1x, https:\/\/i0.wp.com\/docmarket-dz.com\/wp-content\/uploads\/1970\/01\/prime-dent-kit-min-e1697012420677.webp?fit=600%2C600&ssl=1&resize=525%2C300 1.5x"},"classes":[]},{"id":26581,"url":"https:\/\/docmarket-dz.com\/index.php\/product\/composite-coffret-i-light\/","url_meta":{"origin":26583,"position":4},"title":"COMPOSITE COFFRET I-LIGHT","author":"falek.h","date":"01\/01\/1970","format":false,"excerpt":"Composite nano hybride, i-LIGHT coffret de 8 tubes de 4g + etching + bonding","rel":"","context":"Article similaire","block_context":{"text":"Article similaire","link":""},"img":{"alt_text":"","src":"https:\/\/i0.wp.com\/docmarket-dz.com\/wp-content\/uploads\/1970\/01\/i-light-n-4x4g-72-1000x667-1.jpg?fit=1000%2C667&ssl=1&resize=350%2C200","width":350,"height":200,"srcset":"https:\/\/i0.wp.com\/docmarket-dz.com\/wp-content\/uploads\/1970\/01\/i-light-n-4x4g-72-1000x667-1.jpg?fit=1000%2C667&ssl=1&resize=350%2C200 1x, https:\/\/i0.wp.com\/docmarket-dz.com\/wp-content\/uploads\/1970\/01\/i-light-n-4x4g-72-1000x667-1.jpg?fit=1000%2C667&ssl=1&resize=525%2C300 1.5x, https:\/\/i0.wp.com\/docmarket-dz.com\/wp-content\/uploads\/1970\/01\/i-light-n-4x4g-72-1000x667-1.jpg?fit=1000%2C667&ssl=1&resize=700%2C400 2x"},"classes":[]},{"id":26479,"url":"https:\/\/docmarket-dz.com\/index.php\/product\/biodentine-dose\/","url_meta":{"origin":26583,"position":5},"title":"BIODENTINE \/DOSE","author":"falek.h","date":"17\/03\/2023","format":false,"excerpt":"Caract\u00e9ristiques et b\u00e9n\u00e9fices Multi-indications : r\u00e9paration endodontique et restauration. Gain de temps au fauteuil gr\u00e2ce au collage direct du composite d\u00e9sormais possible dans la m\u00eame s\u00e9ance. Formation de dentine r\u00e9actionnelle pour une pr\u00e9servation de la vitalit\u00e9 pulpaire. Ancrage microm\u00e9canique naturel pour d\u2019excellentes propri\u00e9t\u00e9s d\u2019\u00e9tanch\u00e9it\u00e9 sans conditionnement pr\u00e9alable de la surface.\u2026","rel":"","context":"Article similaire","block_context":{"text":"Article similaire","link":""},"img":{"alt_text":"","src":"https:\/\/i0.wp.com\/docmarket-dz.com\/wp-content\/uploads\/2023\/03\/BIODENTINE-DOSE-e1680694850392.webp?fit=623%2C600&ssl=1&resize=350%2C200","width":350,"height":200,"srcset":"https:\/\/i0.wp.com\/docmarket-dz.com\/wp-content\/uploads\/2023\/03\/BIODENTINE-DOSE-e1680694850392.webp?fit=623%2C600&ssl=1&resize=350%2C200 1x, https:\/\/i0.wp.com\/docmarket-dz.com\/wp-content\/uploads\/2023\/03\/BIODENTINE-DOSE-e1680694850392.webp?fit=623%2C600&ssl=1&resize=525%2C300 1.5x"},"classes":[]}],"jetpack_sharing_enabled":true,"tiered_pricing_type":"fixed","tiered_pricing_fixed_rules":[],"tiered_pricing_product_settings":{"layout":"default","base_unit_name":{"singular":null,"plural":null},"default_variation":null},"tiered_pricing_minimum_quantity":null,"tiered_pricing_roles_data":[],"tiered_pricing_percentage_rules":[],"_links":{"self":[{"href":"https:\/\/docmarket-dz.com\/index.php\/wp-json\/wp\/v2\/product\/26583","targetHints":{"allow":["GET"]}}],"collection":[{"href":"https:\/\/docmarket-dz.com\/index.php\/wp-json\/wp\/v2\/product"}],"about":[{"href":"https:\/\/docmarket-dz.com\/index.php\/wp-json\/wp\/v2\/types\/product"}],"replies":[{"embeddable":true,"href":"https:\/\/docmarket-dz.com\/index.php\/wp-json\/wp\/v2\/comments?post=26583"}],"wp:featuredmedia":[{"embeddable":true,"href":"https:\/\/docmarket-dz.com\/index.php\/wp-json\/wp\/v2\/media\/27452"}],"wp:attachment":[{"href":"https:\/\/docmarket-dz.com\/index.php\/wp-json\/wp\/v2\/media?parent=26583"}],"wp:term":[{"taxonomy":"product_brand","embeddable":true,"href":"https:\/\/docmarket-dz.com\/index.php\/wp-json\/wp\/v2\/product_brand?post=26583"},{"taxonomy":"product_cat","embeddable":true,"href":"https:\/\/docmarket-dz.com\/index.php\/wp-json\/wp\/v2\/product_cat?post=26583"},{"taxonomy":"product_tag","embeddable":true,"href":"https:\/\/docmarket-dz.com\/index.php\/wp-json\/wp\/v2\/product_tag?post=26583"}],"curies":[{"name":"wp","href":"https:\/\/api.w.org\/{rel}","templated":true}]}}