{"id":26658,"date":"1970-01-01T00:00:00","date_gmt":"1970-01-01T00:00:00","guid":{"rendered":"https:\/\/docmarket-dz.com\/?post_type=product&#038;p=26658"},"modified":"2023-08-09T14:34:08","modified_gmt":"2023-08-09T13:34:08","slug":"disque-abrasif-vert","status":"publish","type":"product","link":"https:\/\/docmarket-dz.com\/index.php\/product\/disque-abrasif-vert\/","title":{"rendered":"DISQUE ABRASIF VERT"},"content":{"rendered":"","protected":false},"excerpt":{"rendered":"","protected":false},"featured_media":0,"comment_status":"open","ping_status":"closed","template":"","meta":{"content-type":"","om_disable_all_campaigns":false,"_uf_show_specific_survey":0,"_uf_disable_surveys":false,"jetpack_publicize_message":"","jetpack_publicize_feature_enabled":true,"jetpack_social_post_already_shared":false,"jetpack_social_options":{"image_generator_settings":{"template":"highway","default_image_id":0,"font":"","enabled":false},"version":2}},"product_brand":[],"product_cat":[100],"product_tag":[],"class_list":{"0":"post-26658","1":"product","2":"type-product","3":"status-publish","5":"product_cat-dentaire","7":"first","8":"onbackorder","9":"taxable","10":"shipping-taxable","11":"purchasable","12":"product-type-simple"},"supplier_id":null,"supplier_sku":"","barcode":null,"atum_controlled":true,"out_stock_date":null,"out_stock_threshold":null,"inheritable":false,"inbound_stock":0,"stock_on_hold":0,"sold_today":0,"sales_last_days":0,"reserved_stock":0,"customer_returns":0,"warehouse_damage":0,"lost_in_post":0,"other_logs":0,"out_stock_days":0,"lost_sales":0,"has_location":false,"update_date":"2026-04-16T00:07:57","atum_locations":[],"atum_stock_status":"onbackorder","restock_status":false,"low_stock_amount":"","sales_update_date":"2026-04-16T00:07:57","calc_backorders":null,"aioseo_notices":[],"jetpack_publicize_connections":[],"jetpack-related-posts":[{"id":26659,"url":"https:\/\/docmarket-dz.com\/index.php\/product\/disque-de-finition-denco-kit-40\/","url_meta":{"origin":26658,"position":0},"title":"DISQUE DE FINITION DENCO KIT\/40","author":"falek.h","date":"01\/01\/1970","format":false,"excerpt":"","rel":"","context":"Article similaire","block_context":{"text":"Article similaire","link":""},"img":{"alt_text":"","src":"","width":0,"height":0},"classes":[]},{"id":26660,"url":"https:\/\/docmarket-dz.com\/index.php\/product\/disque-de-finition-rogin-kit-40\/","url_meta":{"origin":26658,"position":1},"title":"DISQUE DE FINITION ROGIN KIT\/40","author":"falek.h","date":"01\/01\/1970","format":false,"excerpt":"","rel":"","context":"Article similaire","block_context":{"text":"Article similaire","link":""},"img":{"alt_text":"","src":"","width":0,"height":0},"classes":[]},{"id":26812,"url":"https:\/\/docmarket-dz.com\/index.php\/product\/plateau-en-plastique-vert\/","url_meta":{"origin":26658,"position":2},"title":"PLATEAU EN PLASTIQUE VERT","author":"falek.h","date":"01\/01\/1970","format":false,"excerpt":"","rel":"","context":"Article similaire","block_context":{"text":"Article similaire","link":""},"img":{"alt_text":"","src":"https:\/\/i0.wp.com\/docmarket-dz.com\/wp-content\/uploads\/2023\/03\/PLATEAU-EN-PLASTIQUE-VERT-e1680437859481.jpg?fit=450%2C600&ssl=1&resize=350%2C200","width":350,"height":200},"classes":[]},{"id":25229,"url":"https:\/\/docmarket-dz.com\/index.php\/product\/conteneur-placenta-vert\/","url_meta":{"origin":26658,"position":3},"title":"CONTENEUR PLACENTA VERT","author":"falek.h","date":"26\/02\/2023","format":false,"excerpt":"","rel":"","context":"Article similaire","block_context":{"text":"Article similaire","link":""},"img":{"alt_text":"","src":"https:\/\/i0.wp.com\/docmarket-dz.com\/wp-content\/uploads\/2023\/02\/CONTENEUR-PLACENTA-VERT.jpg?fit=600%2C600&ssl=1&resize=350%2C200","width":350,"height":200,"srcset":"https:\/\/i0.wp.com\/docmarket-dz.com\/wp-content\/uploads\/2023\/02\/CONTENEUR-PLACENTA-VERT.jpg?fit=600%2C600&ssl=1&resize=350%2C200 1x, https:\/\/i0.wp.com\/docmarket-dz.com\/wp-content\/uploads\/2023\/02\/CONTENEUR-PLACENTA-VERT.jpg?fit=600%2C600&ssl=1&resize=525%2C300 1.5x"},"classes":[]},{"id":26687,"url":"https:\/\/docmarket-dz.com\/index.php\/product\/elite-hd-fast-set-vert-100ml\/","url_meta":{"origin":26658,"position":4},"title":"ELITE HD +- FAST SET VERT 100ML","author":"falek.h","date":"17\/03\/2023","format":false,"excerpt":"ELITE HD+ Light Body Fast Set - ZHERMACK Silicone-A Hydrophile \u00e0 basse viscosit\u00e9 pour proth\u00e8se fixe. Technique recommand\u00e9e: fluide pour la double m\u00e9lange. Standard pack : 2 cartouches de 50 ml (Base + catalyseur) + 12 embouts de m\u00e9lange jaunes Avantages \u2022 R\u00e9sistance \u00e0 la d\u00e9formation \u2022 Excellente r\u00e9cup\u00e9ration \u00e9lastique\u2026","rel":"","context":"Article similaire","block_context":{"text":"Article similaire","link":""},"img":{"alt_text":"","src":"https:\/\/i0.wp.com\/docmarket-dz.com\/wp-content\/uploads\/2023\/03\/ELITE-HD-FAST-SET-VERT-100ML-scaled-e1680610130135.jpg?fit=771%2C600&ssl=1&resize=350%2C200","width":350,"height":200,"srcset":"https:\/\/i0.wp.com\/docmarket-dz.com\/wp-content\/uploads\/2023\/03\/ELITE-HD-FAST-SET-VERT-100ML-scaled-e1680610130135.jpg?fit=771%2C600&ssl=1&resize=350%2C200 1x, https:\/\/i0.wp.com\/docmarket-dz.com\/wp-content\/uploads\/2023\/03\/ELITE-HD-FAST-SET-VERT-100ML-scaled-e1680610130135.jpg?fit=771%2C600&ssl=1&resize=525%2C300 1.5x, https:\/\/i0.wp.com\/docmarket-dz.com\/wp-content\/uploads\/2023\/03\/ELITE-HD-FAST-SET-VERT-100ML-scaled-e1680610130135.jpg?fit=771%2C600&ssl=1&resize=700%2C400 2x"},"classes":[]},{"id":26686,"url":"https:\/\/docmarket-dz.com\/index.php\/product\/elite-hd-tray-material-orange\/","url_meta":{"origin":26658,"position":5},"title":"ELITE HD TRAY MATERIAL ORANGE","author":"falek.h","date":"17\/03\/2023","format":false,"excerpt":"ELITE HD TRAY MATERIAL ORANGE est un silicone d'addition qui combine les effets de la nanotechnologie avec l'hydro-compatibilit\u00e9, garantissant ainsi une haute performance dans une vari\u00e9t\u00e9 de conditions cliniques, m\u00eame les plus difficiles. 2 cartouches de 50 ml. 6 x embouts m\u00e9langeurs verts.","rel":"","context":"Article similaire","block_context":{"text":"Article similaire","link":""},"img":{"alt_text":"","src":"https:\/\/i0.wp.com\/docmarket-dz.com\/wp-content\/uploads\/2023\/03\/ELITE-HD-TRAY-MATERIAL-ORANGE.jpg?fit=600%2C600&ssl=1&resize=350%2C200","width":350,"height":200,"srcset":"https:\/\/i0.wp.com\/docmarket-dz.com\/wp-content\/uploads\/2023\/03\/ELITE-HD-TRAY-MATERIAL-ORANGE.jpg?fit=600%2C600&ssl=1&resize=350%2C200 1x, https:\/\/i0.wp.com\/docmarket-dz.com\/wp-content\/uploads\/2023\/03\/ELITE-HD-TRAY-MATERIAL-ORANGE.jpg?fit=600%2C600&ssl=1&resize=525%2C300 1.5x"},"classes":[]}],"jetpack_sharing_enabled":true,"tiered_pricing_type":"fixed","tiered_pricing_fixed_rules":[],"tiered_pricing_product_settings":{"layout":"default","base_unit_name":{"singular":null,"plural":null},"default_variation":null},"tiered_pricing_minimum_quantity":null,"tiered_pricing_roles_data":[],"tiered_pricing_percentage_rules":[],"_links":{"self":[{"href":"https:\/\/docmarket-dz.com\/index.php\/wp-json\/wp\/v2\/product\/26658","targetHints":{"allow":["GET"]}}],"collection":[{"href":"https:\/\/docmarket-dz.com\/index.php\/wp-json\/wp\/v2\/product"}],"about":[{"href":"https:\/\/docmarket-dz.com\/index.php\/wp-json\/wp\/v2\/types\/product"}],"replies":[{"embeddable":true,"href":"https:\/\/docmarket-dz.com\/index.php\/wp-json\/wp\/v2\/comments?post=26658"}],"wp:attachment":[{"href":"https:\/\/docmarket-dz.com\/index.php\/wp-json\/wp\/v2\/media?parent=26658"}],"wp:term":[{"taxonomy":"product_brand","embeddable":true,"href":"https:\/\/docmarket-dz.com\/index.php\/wp-json\/wp\/v2\/product_brand?post=26658"},{"taxonomy":"product_cat","embeddable":true,"href":"https:\/\/docmarket-dz.com\/index.php\/wp-json\/wp\/v2\/product_cat?post=26658"},{"taxonomy":"product_tag","embeddable":true,"href":"https:\/\/docmarket-dz.com\/index.php\/wp-json\/wp\/v2\/product_tag?post=26658"}],"curies":[{"name":"wp","href":"https:\/\/api.w.org\/{rel}","templated":true}]}}