{"id":27848,"date":"2023-11-16T17:28:02","date_gmt":"2023-11-16T16:28:02","guid":{"rendered":"https:\/\/docmarket-dz.com\/?post_type=product&#038;p=27848"},"modified":"2026-02-05T17:19:40","modified_gmt":"2026-02-05T16:19:40","slug":"fixateur-cellulaire","status":"publish","type":"product","link":"https:\/\/docmarket-dz.com\/index.php\/product\/fixateur-cellulaire\/","title":{"rendered":"fixateur cellulaire &#8220;Cytologique&#8221; 125 ML"},"content":{"rendered":"<p>utilisation pr\u00e9vue: Soimed spray fixateur cytologique est un fixateur pour frottis cytologique \u00e0 base d&#8217;alcool, d\u00e9pose un film protecteur et garantissant une longue conservation, une moindre quantit\u00e9 vaporis\u00e9e sur la lame de verre est suffisante pour une bonne fixation en respectant l&#8217;aspect d&#8217;origine des cellules jusqu&#8217;\u00e0 la coloration.<\/p>\n<p>Le grand champs de dispersion permet de couvrir toute la lame.<\/p>\n<p>Conservation: Conserver \u00e0 une temp\u00e9rature ambiante, ne pas stocker \u00e0 proximit\u00e9 de source de chaleur. Ce produit est inflammable.<\/p>\n<p>Mode d&#8217;emploi:<\/p>\n<ul>\n<li>Pr\u00e9parer le frottis.<\/li>\n<li>Agiter Soimed vaporiser directement et uniform\u00e9ment \u00e0 15 cm de la lame.<\/li>\n<li>Laisser s\u00e9cher compl\u00e8tement \u00e0 plat 3 minutes pour que le frottis soit fix\u00e9.<\/li>\n<li>Proc\u00e9der \u00e0 la coloration.<\/li>\n<\/ul>\n","protected":false},"excerpt":{"rendered":"<p>utilisation pr\u00e9vue: Soimed spray fixateur cytologique est un fixateur pour frottis cytologique \u00e0 base d&#8217;alcool, d\u00e9pose un film protecteur et garantissant une longue conservation, une moindre quantit\u00e9 vaporis\u00e9e sur la lame de verre est suffisante pour une bonne fixation en respectant l&#8217;aspect d&#8217;origine des cellules jusqu&#8217;\u00e0 la coloration. Le grand champs de dispersion permet de [&hellip;]<\/p>\n","protected":false},"featured_media":28791,"comment_status":"open","ping_status":"closed","template":"","meta":{"content-type":"","om_disable_all_campaigns":false,"_uf_show_specific_survey":0,"_uf_disable_surveys":false,"jetpack_publicize_message":"","jetpack_publicize_feature_enabled":true,"jetpack_social_post_already_shared":false,"jetpack_social_options":{"image_generator_settings":{"template":"highway","default_image_id":0,"font":"","enabled":false},"version":2}},"product_brand":[],"product_cat":[882,486,487],"product_tag":[],"class_list":{"0":"post-27848","1":"product","2":"type-product","3":"status-publish","4":"has-post-thumbnail","6":"product_cat-gynecologie","7":"product_cat-laboratoire","8":"product_cat-medical","10":"first","11":"onbackorder","12":"taxable","13":"shipping-taxable","14":"purchasable","15":"product-type-simple"},"supplier_id":null,"supplier_sku":"","barcode":null,"atum_controlled":true,"out_stock_date":null,"out_stock_threshold":null,"inheritable":false,"inbound_stock":0,"stock_on_hold":0,"sold_today":0,"sales_last_days":0,"reserved_stock":0,"customer_returns":0,"warehouse_damage":0,"lost_in_post":0,"other_logs":0,"out_stock_days":0,"lost_sales":0,"has_location":true,"update_date":"2026-04-10T00:05:14","atum_locations":[{"id":940,"name":"C3","slug":"c3"}],"atum_stock_status":"onbackorder","restock_status":false,"low_stock_amount":3,"sales_update_date":"2026-04-10T00:05:14","calc_backorders":-2,"aioseo_notices":[],"jetpack_publicize_connections":[],"jetpack-related-posts":[{"id":28035,"url":"https:\/\/docmarket-dz.com\/index.php\/product\/lame-de-frottis-lame-porte-objet-254mm-x-762mm-bte-50\/","url_meta":{"origin":27848,"position":0},"title":"Lame de frottis (LAME PORTE OBJET 25.4mm x 76.2mm (Bte\/50)","author":"fatmazohra.nasri","date":"09\/12\/2023","format":false,"excerpt":"","rel":"","context":"Article similaire","block_context":{"text":"Article similaire","link":""},"img":{"alt_text":"","src":"https:\/\/i0.wp.com\/docmarket-dz.com\/wp-content\/uploads\/2023\/12\/lamelles-couvre-objets-22x22mm.jpg?fit=602%2C599&ssl=1&resize=350%2C200","width":350,"height":200,"srcset":"https:\/\/i0.wp.com\/docmarket-dz.com\/wp-content\/uploads\/2023\/12\/lamelles-couvre-objets-22x22mm.jpg?fit=602%2C599&ssl=1&resize=350%2C200 1x, https:\/\/i0.wp.com\/docmarket-dz.com\/wp-content\/uploads\/2023\/12\/lamelles-couvre-objets-22x22mm.jpg?fit=602%2C599&ssl=1&resize=525%2C300 1.5x"},"classes":[]},{"id":29314,"url":"https:\/\/docmarket-dz.com\/index.php\/product\/lame-de-frottis-lame-porte-objet-25mm-x-75mm-bte-50\/","url_meta":{"origin":27848,"position":1},"title":"Lame de frottis (LAME PORTE OBJET 25mm x 75mm (Bte\/50)","author":"Sofiane Arbouche","date":"10\/09\/2024","format":false,"excerpt":"","rel":"","context":"Article similaire","block_context":{"text":"Article similaire","link":""},"img":{"alt_text":"","src":"https:\/\/i0.wp.com\/docmarket-dz.com\/wp-content\/uploads\/2023\/12\/lamelles-couvre-objets-22x22mm.jpg?fit=602%2C599&ssl=1&resize=350%2C200","width":350,"height":200,"srcset":"https:\/\/i0.wp.com\/docmarket-dz.com\/wp-content\/uploads\/2023\/12\/lamelles-couvre-objets-22x22mm.jpg?fit=602%2C599&ssl=1&resize=350%2C200 1x, https:\/\/i0.wp.com\/docmarket-dz.com\/wp-content\/uploads\/2023\/12\/lamelles-couvre-objets-22x22mm.jpg?fit=602%2C599&ssl=1&resize=525%2C300 1.5x"},"classes":[]},{"id":28037,"url":"https:\/\/docmarket-dz.com\/index.php\/product\/brosse-de-cytologique\/","url_meta":{"origin":27848,"position":2},"title":"BROSSE DE CYTOLOGIQUE &#8211; Cytobrosse","author":"fatmazohra.nasri","date":"09\/12\/2023","format":false,"excerpt":"Brosse pour le pr\u00e9l\u00e8vement et l\u2019analyse cytologique. Dispositif m\u00e9dical st\u00e9rile \u00e0 usage unique. V\u00e9rifier l\u2019int\u00e9grit\u00e9 de l\u2019emballage avant usage.","rel":"","context":"Article similaire","block_context":{"text":"Article similaire","link":""},"img":{"alt_text":"","src":"https:\/\/i0.wp.com\/docmarket-dz.com\/wp-content\/uploads\/2023\/12\/69237-9809098.jpg?fit=594%2C598&ssl=1&resize=350%2C200","width":350,"height":200,"srcset":"https:\/\/i0.wp.com\/docmarket-dz.com\/wp-content\/uploads\/2023\/12\/69237-9809098.jpg?fit=594%2C598&ssl=1&resize=350%2C200 1x, https:\/\/i0.wp.com\/docmarket-dz.com\/wp-content\/uploads\/2023\/12\/69237-9809098.jpg?fit=594%2C598&ssl=1&resize=525%2C300 1.5x"},"classes":[]},{"id":25994,"url":"https:\/\/docmarket-dz.com\/index.php\/product\/laryngoscope-a-4-lames-en-fibre-optic\/","url_meta":{"origin":27848,"position":3},"title":"Laryngoscope a 4 lames en Fibre Optic","author":"falek.h","date":"12\/03\/2023","format":false,"excerpt":"","rel":"","context":"Article similaire","block_context":{"text":"Article similaire","link":""},"img":{"alt_text":"","src":"","width":0,"height":0},"classes":[]},{"id":25414,"url":"https:\/\/docmarket-dz.com\/index.php\/product\/electrode-de-lames-2-40mm70mm\/","url_meta":{"origin":27848,"position":4},"title":"Electrode De Lames  &#8211; 2.40mm70mm","author":"falek.h","date":"12\/03\/2023","format":false,"excerpt":"","rel":"","context":"Article similaire","block_context":{"text":"Article similaire","link":""},"img":{"alt_text":"","src":"","width":0,"height":0},"classes":[]},{"id":25263,"url":"https:\/\/docmarket-dz.com\/index.php\/product\/lame-bistouri-boite-de-100\/","url_meta":{"origin":27848,"position":5},"title":"LAME BISTOURI BOITE DE 100","author":"falek.h","date":"01\/03\/2023","format":false,"excerpt":"","rel":"","context":"Article similaire","block_context":{"text":"Article similaire","link":""},"img":{"alt_text":"","src":"https:\/\/i0.wp.com\/docmarket-dz.com\/wp-content\/uploads\/2023\/03\/LAME-BISTOURI-e1677643035425.jpeg?fit=600%2C544&ssl=1&resize=350%2C200","width":350,"height":200,"srcset":"https:\/\/i0.wp.com\/docmarket-dz.com\/wp-content\/uploads\/2023\/03\/LAME-BISTOURI-e1677643035425.jpeg?fit=600%2C544&ssl=1&resize=350%2C200 1x, https:\/\/i0.wp.com\/docmarket-dz.com\/wp-content\/uploads\/2023\/03\/LAME-BISTOURI-e1677643035425.jpeg?fit=600%2C544&ssl=1&resize=525%2C300 1.5x"},"classes":[]}],"jetpack_sharing_enabled":true,"tiered_pricing_type":"fixed","tiered_pricing_fixed_rules":[],"tiered_pricing_product_settings":{"layout":"default","base_unit_name":{"singular":null,"plural":null},"default_variation":null},"tiered_pricing_minimum_quantity":null,"tiered_pricing_roles_data":[],"tiered_pricing_percentage_rules":[],"_links":{"self":[{"href":"https:\/\/docmarket-dz.com\/index.php\/wp-json\/wp\/v2\/product\/27848","targetHints":{"allow":["GET"]}}],"collection":[{"href":"https:\/\/docmarket-dz.com\/index.php\/wp-json\/wp\/v2\/product"}],"about":[{"href":"https:\/\/docmarket-dz.com\/index.php\/wp-json\/wp\/v2\/types\/product"}],"replies":[{"embeddable":true,"href":"https:\/\/docmarket-dz.com\/index.php\/wp-json\/wp\/v2\/comments?post=27848"}],"wp:featuredmedia":[{"embeddable":true,"href":"https:\/\/docmarket-dz.com\/index.php\/wp-json\/wp\/v2\/media\/28791"}],"wp:attachment":[{"href":"https:\/\/docmarket-dz.com\/index.php\/wp-json\/wp\/v2\/media?parent=27848"}],"wp:term":[{"taxonomy":"product_brand","embeddable":true,"href":"https:\/\/docmarket-dz.com\/index.php\/wp-json\/wp\/v2\/product_brand?post=27848"},{"taxonomy":"product_cat","embeddable":true,"href":"https:\/\/docmarket-dz.com\/index.php\/wp-json\/wp\/v2\/product_cat?post=27848"},{"taxonomy":"product_tag","embeddable":true,"href":"https:\/\/docmarket-dz.com\/index.php\/wp-json\/wp\/v2\/product_tag?post=27848"}],"curies":[{"name":"wp","href":"https:\/\/api.w.org\/{rel}","templated":true}]}}