{"id":27869,"date":"2023-11-25T14:42:45","date_gmt":"2023-11-25T13:42:45","guid":{"rendered":"https:\/\/docmarket-dz.com\/?post_type=product&#038;p=27869"},"modified":"2024-06-19T09:30:17","modified_gmt":"2024-06-19T08:30:17","slug":"terling-pesr-personne-body-fat-analyser-tbf-0107","status":"publish","type":"product","link":"https:\/\/docmarket-dz.com\/index.php\/product\/terling-pesr-personne-body-fat-analyser-tbf-0107\/","title":{"rendered":"Balance &#8211; imp\u00e9dancem\u00e9tre &#8211; PESE PERSONNE -TBF 0107 -TERLING SWITZERLAND"},"content":{"rendered":"<p>Design \u00e9l\u00e9gant<br \/>\n8 m\u00e9moires utilisateur<br \/>\nTechnologie SENSE ON<\/p>\n<p>\u00c9cran LCD num\u00e9rique<br \/>\nUnit\u00e9 de mesure:\u00a0 Kilogramme, Pierre, Livre<br \/>\nPlage de mesure:\u00a0 5 kg \u00e0 180 kg<\/p>\n<p>Environnement de stockage:\u00a0 Temp\u00e9rature : -20 \u00b0C \u00e0 60 \u00b0C, Humidit\u00e9 relative : \u2264 90% HR<br \/>\nSource d&#8217;alimentation:\u00a0 4,5V (Trois piles de taille AAA)<br \/>\nM\u00e9thode de mise en marche:\u00a0 Technologie SENSE ON \/ Allumage \/ Appuyer sur le bouton SET<\/p>\n","protected":false},"excerpt":{"rendered":"<p>Design \u00e9l\u00e9gant 8 m\u00e9moires utilisateur Technologie SENSE ON \u00c9cran LCD num\u00e9rique Unit\u00e9 de mesure:\u00a0 Kilogramme, Pierre, Livre Plage de mesure:\u00a0 5 kg \u00e0 180 kg Environnement de stockage:\u00a0 Temp\u00e9rature : -20 \u00b0C \u00e0 60 \u00b0C, Humidit\u00e9 relative : \u2264 90% HR Source d&#8217;alimentation:\u00a0 4,5V (Trois piles de taille AAA) M\u00e9thode de mise en marche:\u00a0 Technologie [&hellip;]<\/p>\n","protected":false},"featured_media":28798,"comment_status":"open","ping_status":"closed","template":"","meta":{"content-type":"","om_disable_all_campaigns":false,"_uf_show_specific_survey":0,"_uf_disable_surveys":false,"jetpack_publicize_message":"","jetpack_publicize_feature_enabled":true,"jetpack_social_post_already_shared":false,"jetpack_social_options":{"image_generator_settings":{"template":"highway","default_image_id":0,"font":"","enabled":false},"version":2}},"product_brand":[],"product_cat":[906,555,487],"product_tag":[],"class_list":{"0":"post-27869","1":"product","2":"type-product","3":"status-publish","4":"has-post-thumbnail","6":"product_cat-cardiologei","7":"product_cat-equipement","8":"product_cat-medical","10":"first","11":"onbackorder","12":"taxable","13":"shipping-taxable","14":"purchasable","15":"product-type-simple"},"supplier_id":null,"supplier_sku":"","barcode":null,"atum_controlled":true,"out_stock_date":"2024-06-19 09:30:17","out_stock_threshold":null,"inheritable":false,"inbound_stock":0,"stock_on_hold":0,"sold_today":0,"sales_last_days":0,"reserved_stock":0,"customer_returns":0,"warehouse_damage":0,"lost_in_post":0,"other_logs":0,"out_stock_days":659,"lost_sales":0,"has_location":false,"update_date":"2026-04-10T00:04:57","atum_locations":[],"atum_stock_status":"onbackorder","restock_status":false,"low_stock_amount":"","sales_update_date":"2026-04-10T00:04:57","calc_backorders":0,"aioseo_notices":[],"jetpack_publicize_connections":[],"jetpack-related-posts":[{"id":25450,"url":"https:\/\/docmarket-dz.com\/index.php\/product\/spirometre-pneumos-500\/","url_meta":{"origin":27869,"position":0},"title":"Spirometre PNEUMOS 500","author":"falek.h","date":"12\/03\/2023","format":false,"excerpt":"Pneumos 500 Base de donn\u00e9es patients et examens Logiciel de gestion et impression Comparaison automatique des valeurs mesur\u00e9es avec les valeurs th\u00e9oriques Interface graphique, \u00e9cran tactile 1\\4 VGA (320 X 240 pixel), 256 k couleurs Technologie de mesure ultrasonique et sans mouvement m\u00e9canique \u00c9talonnage automatique Batterie interne rechargeable","rel":"","context":"Article similaire","block_context":{"text":"Article similaire","link":""},"img":{"alt_text":"","src":"https:\/\/i0.wp.com\/docmarket-dz.com\/wp-content\/uploads\/2023\/03\/67948-16863013-e1698065050651.jpeg?fit=600%2C600&ssl=1&resize=350%2C200","width":350,"height":200,"srcset":"https:\/\/i0.wp.com\/docmarket-dz.com\/wp-content\/uploads\/2023\/03\/67948-16863013-e1698065050651.jpeg?fit=600%2C600&ssl=1&resize=350%2C200 1x, https:\/\/i0.wp.com\/docmarket-dz.com\/wp-content\/uploads\/2023\/03\/67948-16863013-e1698065050651.jpeg?fit=600%2C600&ssl=1&resize=525%2C300 1.5x"},"classes":[]},{"id":26815,"url":"https:\/\/docmarket-dz.com\/index.php\/product\/platre-rose-cart-25-kg\/","url_meta":{"origin":27869,"position":1},"title":"PLATRE ROSE CART 25 KG","author":"falek.h","date":"01\/01\/1970","format":false,"excerpt":"","rel":"","context":"Article similaire","block_context":{"text":"Article similaire","link":""},"img":{"alt_text":"","src":"https:\/\/i0.wp.com\/docmarket-dz.com\/wp-content\/uploads\/2023\/03\/PLATRE-ROSE-CART-25-KG.jpg?fit=600%2C600&ssl=1&resize=350%2C200","width":350,"height":200,"srcset":"https:\/\/i0.wp.com\/docmarket-dz.com\/wp-content\/uploads\/2023\/03\/PLATRE-ROSE-CART-25-KG.jpg?fit=600%2C600&ssl=1&resize=350%2C200 1x, https:\/\/i0.wp.com\/docmarket-dz.com\/wp-content\/uploads\/2023\/03\/PLATRE-ROSE-CART-25-KG.jpg?fit=600%2C600&ssl=1&resize=525%2C300 1.5x"},"classes":[]},{"id":27541,"url":"https:\/\/docmarket-dz.com\/index.php\/product\/gel-echo-5-kg\/","url_meta":{"origin":27869,"position":2},"title":"GEL ECHO 5 KG","author":"fatmazohra.nasri","date":"03\/12\/2023","format":false,"excerpt":"","rel":"","context":"Article similaire","block_context":{"text":"Article similaire","link":""},"img":{"alt_text":"","src":"https:\/\/i0.wp.com\/docmarket-dz.com\/wp-content\/uploads\/2023\/10\/IMG_1661-1-PhotoRoom.png-PhotoRoom.jpg?fit=598%2C601&ssl=1&resize=350%2C200","width":350,"height":200,"srcset":"https:\/\/i0.wp.com\/docmarket-dz.com\/wp-content\/uploads\/2023\/10\/IMG_1661-1-PhotoRoom.png-PhotoRoom.jpg?fit=598%2C601&ssl=1&resize=350%2C200 1x, https:\/\/i0.wp.com\/docmarket-dz.com\/wp-content\/uploads\/2023\/10\/IMG_1661-1-PhotoRoom.png-PhotoRoom.jpg?fit=598%2C601&ssl=1&resize=525%2C300 1.5x"},"classes":[]},{"id":30572,"url":"https:\/\/docmarket-dz.com\/index.php\/product\/formol-comprile-01-kg-formolex\/","url_meta":{"origin":27869,"position":3},"title":"FORMOL EN COMPRIME 01 Kg &#8211; 1000 Comprim\u00e9s","author":"Sofiane Arbouche","date":"11\/12\/2025","format":false,"excerpt":"","rel":"","context":"Article similaire","block_context":{"text":"Article similaire","link":""},"img":{"alt_text":"","src":"https:\/\/i0.wp.com\/docmarket-dz.com\/wp-content\/uploads\/2025\/12\/1772022832525.jpg?fit=903%2C1200&ssl=1&resize=350%2C200","width":350,"height":200,"srcset":"https:\/\/i0.wp.com\/docmarket-dz.com\/wp-content\/uploads\/2025\/12\/1772022832525.jpg?fit=903%2C1200&ssl=1&resize=350%2C200 1x, https:\/\/i0.wp.com\/docmarket-dz.com\/wp-content\/uploads\/2025\/12\/1772022832525.jpg?fit=903%2C1200&ssl=1&resize=525%2C300 1.5x, https:\/\/i0.wp.com\/docmarket-dz.com\/wp-content\/uploads\/2025\/12\/1772022832525.jpg?fit=903%2C1200&ssl=1&resize=700%2C400 2x"},"classes":[]},{"id":29308,"url":"https:\/\/docmarket-dz.com\/index.php\/product\/attelles-a-depression\/","url_meta":{"origin":27869,"position":4},"title":"Attelles  \u00e0 d\u00e9pression","author":"Sofiane Arbouche","date":"09\/09\/2024","format":false,"excerpt":"Attelles r\u00e9utilisables \u00e0 d\u00e9pression permet une parfaite immobilisation du membre, dimensionn\u00e9s pour traiter les blessures les plus courantes n\u00e9cessitant attelles \u00e0 d\u00e9pression. La m\u00e9thode est simple, s\u00fbre et efficace des attelles de secours des extr\u00e9mit\u00e9s fractur\u00e9es. L'attelle est tout simplement construite \u00e0 partir de b\u00e2ches en vinyle. Comportant billes de\u2026","rel":"","context":"Article similaire","block_context":{"text":"Article similaire","link":""},"img":{"alt_text":"","src":"https:\/\/i0.wp.com\/docmarket-dz.com\/wp-content\/uploads\/2024\/09\/Sans-titre.png?fit=385%2C264&ssl=1&resize=350%2C200","width":350,"height":200},"classes":[]},{"id":27994,"url":"https:\/\/docmarket-dz.com\/index.php\/product\/autoclave-de-paillasse-18-l-classe-b-avec-imprimante-integree-le-prix-change-selon-larrivage\/","url_meta":{"origin":27869,"position":5},"title":"Autoclave de paillasse 18 L classe B avec imprimante int\u00e9gr\u00e9e (Le prix change selon l&#8217;arrivage)","author":"fatmazohra.nasri","date":"04\/12\/2023","format":false,"excerpt":"Autoclave st\u00e9rilisateur avec imprimante int\u00e9gr\u00e9, mod\u00e8le TANDA 18L -\u00a0\u00a0\u00a0\u00a0\u00a0 Norme Europ\u00e9enne B avec 3 temps de nettoyage et de s\u00e9chage -\u00a0\u00a0\u00a0\u00a0\u00a0 L\u2019Humidit\u00e9 r\u00e9siduelle est moins de 0,2 %\u00a0; La capacit\u00e9 du vide atteint -0,8bar -\u00a0\u00a0\u00a0\u00a0\u00a0 Imprimante int\u00e9gr\u00e9e -\u00a0\u00a0\u00a0\u00a0\u00a0 Capteur mesurant la qualit\u00e9 de l\u2019eau \u00a0 Caract\u00e9ristiques techniques : -\u00a0\u00a0\u00a0\u00a0\u00a0 Tension\u2026","rel":"","context":"Article similaire","block_context":{"text":"Article similaire","link":""},"img":{"alt_text":"","src":"https:\/\/i0.wp.com\/docmarket-dz.com\/wp-content\/uploads\/2023\/12\/2017725132534prosmallpic.jpg?fit=591%2C600&ssl=1&resize=350%2C200","width":350,"height":200,"srcset":"https:\/\/i0.wp.com\/docmarket-dz.com\/wp-content\/uploads\/2023\/12\/2017725132534prosmallpic.jpg?fit=591%2C600&ssl=1&resize=350%2C200 1x, https:\/\/i0.wp.com\/docmarket-dz.com\/wp-content\/uploads\/2023\/12\/2017725132534prosmallpic.jpg?fit=591%2C600&ssl=1&resize=525%2C300 1.5x"},"classes":[]}],"jetpack_sharing_enabled":true,"tiered_pricing_type":"fixed","tiered_pricing_fixed_rules":[],"tiered_pricing_product_settings":{"layout":"default","base_unit_name":{"singular":null,"plural":null},"default_variation":null},"tiered_pricing_minimum_quantity":null,"tiered_pricing_roles_data":[],"tiered_pricing_percentage_rules":[],"_links":{"self":[{"href":"https:\/\/docmarket-dz.com\/index.php\/wp-json\/wp\/v2\/product\/27869","targetHints":{"allow":["GET"]}}],"collection":[{"href":"https:\/\/docmarket-dz.com\/index.php\/wp-json\/wp\/v2\/product"}],"about":[{"href":"https:\/\/docmarket-dz.com\/index.php\/wp-json\/wp\/v2\/types\/product"}],"replies":[{"embeddable":true,"href":"https:\/\/docmarket-dz.com\/index.php\/wp-json\/wp\/v2\/comments?post=27869"}],"wp:featuredmedia":[{"embeddable":true,"href":"https:\/\/docmarket-dz.com\/index.php\/wp-json\/wp\/v2\/media\/28798"}],"wp:attachment":[{"href":"https:\/\/docmarket-dz.com\/index.php\/wp-json\/wp\/v2\/media?parent=27869"}],"wp:term":[{"taxonomy":"product_brand","embeddable":true,"href":"https:\/\/docmarket-dz.com\/index.php\/wp-json\/wp\/v2\/product_brand?post=27869"},{"taxonomy":"product_cat","embeddable":true,"href":"https:\/\/docmarket-dz.com\/index.php\/wp-json\/wp\/v2\/product_cat?post=27869"},{"taxonomy":"product_tag","embeddable":true,"href":"https:\/\/docmarket-dz.com\/index.php\/wp-json\/wp\/v2\/product_tag?post=27869"}],"curies":[{"name":"wp","href":"https:\/\/api.w.org\/{rel}","templated":true}]}}