{"id":27871,"date":"2023-11-25T15:03:22","date_gmt":"2023-11-25T14:03:22","guid":{"rendered":"https:\/\/docmarket-dz.com\/?post_type=product&#038;p=27871"},"modified":"2024-10-27T09:45:36","modified_gmt":"2024-10-27T08:45:36","slug":"ventouse-pour-ecg-jeu-de-6","status":"publish","type":"product","link":"https:\/\/docmarket-dz.com\/index.php\/product\/ventouse-pour-ecg-jeu-de-6\/","title":{"rendered":"Ventouse pour ECG &#8211; Sac de 6 unit\u00e9s"},"content":{"rendered":"<p>Ces \u00e9lectrodes (poires) pr\u00e9cordiales sont con\u00e7ues pour l&#8217;enregistrement d&#8217;\u00e9lectrocardiogrammes de routine. Leur ventouse en m\u00e9tal adh\u00e8re \u00e0 la peau du patient gr\u00e2ce \u00e0 la d\u00e9pression obtenue en pressant la poire.<\/p>\n<p>Elles sont adapt\u00e9es \u00e0 des cables dot\u00e9s de diff\u00e9rents types de connexion : fiche banane, pression, pince.<\/p>\n<p><strong>R\u00e9utilisables<\/strong>, elles sont faciles \u00e0 nettoyer.<\/p>\n<p>Pour une meilleure qualit\u00e9 du signal, elles sont souvent employ\u00e9es avec un gel ou un spray conducteur.<\/p>\n","protected":false},"excerpt":{"rendered":"<p>Ces \u00e9lectrodes (poires) pr\u00e9cordiales sont con\u00e7ues pour l&#8217;enregistrement d&#8217;\u00e9lectrocardiogrammes de routine. Leur ventouse en m\u00e9tal adh\u00e8re \u00e0 la peau du patient gr\u00e2ce \u00e0 la d\u00e9pression obtenue en pressant la poire. Elles sont adapt\u00e9es \u00e0 des cables dot\u00e9s de diff\u00e9rents types de connexion : fiche banane, pression, pince. R\u00e9utilisables, elles sont faciles \u00e0 nettoyer. Pour une [&hellip;]<\/p>\n","protected":false},"featured_media":27872,"comment_status":"open","ping_status":"closed","template":"","meta":{"content-type":"","om_disable_all_campaigns":false,"_uf_show_specific_survey":0,"_uf_disable_surveys":false,"jetpack_publicize_message":"","jetpack_publicize_feature_enabled":true,"jetpack_social_post_already_shared":false,"jetpack_social_options":{"image_generator_settings":{"template":"highway","default_image_id":0,"font":"","enabled":false},"version":2}},"product_brand":[],"product_cat":[906,739],"product_tag":[],"class_list":{"0":"post-27871","1":"product","2":"type-product","3":"status-publish","4":"has-post-thumbnail","6":"product_cat-cardiologei","7":"product_cat-acupuncture","9":"first","10":"instock","11":"taxable","12":"shipping-taxable","13":"purchasable","14":"product-type-simple"},"supplier_id":null,"supplier_sku":"","barcode":null,"atum_controlled":true,"out_stock_date":null,"out_stock_threshold":null,"inheritable":false,"inbound_stock":0,"stock_on_hold":0,"sold_today":0,"sales_last_days":0,"reserved_stock":0,"customer_returns":0,"warehouse_damage":0,"lost_in_post":0,"other_logs":0,"out_stock_days":0,"lost_sales":0,"has_location":true,"update_date":"2026-04-10T00:04:57","atum_locations":[{"id":916,"name":"B1","slug":"b1"}],"atum_stock_status":"instock","restock_status":false,"low_stock_amount":"","sales_update_date":"2026-04-10T00:04:57","calc_backorders":0,"aioseo_notices":[],"jetpack_publicize_connections":[],"jetpack-related-posts":[{"id":28334,"url":"https:\/\/docmarket-dz.com\/index.php\/product\/poire-a-injection-vaginal-et-rectale-330-ml\/","url_meta":{"origin":27871,"position":0},"title":"Poire A injection Vaginal et Rectale 330 ML","author":"TIKELALINE Amel","date":"14\/01\/2024","format":false,"excerpt":"1 canule vaginale 1 canule rectale Capacit\u00e9: 330 ml Dimensions: 90 x 255 mm Poire en PVC plastifi\u00e9 mou sans cadmium et sans plomb Canule en \u00e9thyl\u00e8ne polym\u00e9ris\u00e9 de qualit\u00e9 alimentaire R\u00e9sistance \u00e0 la temp\u00e9rature: -40 \u00b0C \u00e0 +300 \u00b0C","rel":"","context":"Article similaire","block_context":{"text":"Article similaire","link":""},"img":{"alt_text":"","src":"https:\/\/i0.wp.com\/docmarket-dz.com\/wp-content\/uploads\/2024\/01\/Poire-vaginale.jpg?fit=500%2C500&ssl=1&resize=350%2C200","width":350,"height":200},"classes":[]},{"id":29150,"url":"https:\/\/docmarket-dz.com\/index.php\/product\/ventouse-hidjama-el-islamia\/","url_meta":{"origin":27871,"position":1},"title":"Ventouse HIJAMA grand mod\u00e8le &#8211; El ISLAMIA","author":"TIKELALINE Amel","date":"02\/07\/2024","format":false,"excerpt":"Les sac de ventouse grand mod\u00e8le pour la Hijame contient 6 unit\u00e9s, 6 ventouses.","rel":"","context":"Article similaire","block_context":{"text":"Article similaire","link":""},"img":{"alt_text":"","src":"https:\/\/i0.wp.com\/docmarket-dz.com\/wp-content\/uploads\/2024\/07\/Sans-titre-1.jpg?fit=903%2C1200&ssl=1&resize=350%2C200","width":350,"height":200,"srcset":"https:\/\/i0.wp.com\/docmarket-dz.com\/wp-content\/uploads\/2024\/07\/Sans-titre-1.jpg?fit=903%2C1200&ssl=1&resize=350%2C200 1x, https:\/\/i0.wp.com\/docmarket-dz.com\/wp-content\/uploads\/2024\/07\/Sans-titre-1.jpg?fit=903%2C1200&ssl=1&resize=525%2C300 1.5x, https:\/\/i0.wp.com\/docmarket-dz.com\/wp-content\/uploads\/2024\/07\/Sans-titre-1.jpg?fit=903%2C1200&ssl=1&resize=700%2C400 2x"},"classes":[]},{"id":29922,"url":"https:\/\/docmarket-dz.com\/index.php\/product\/ventouse-hijama-3-taille-el-islamia\/","url_meta":{"origin":27871,"position":2},"title":"Ventouse HIJAMA 3 taille &#8211; El ISLAMIA","author":"Sofiane Arbouche","date":"27\/02\/2025","format":false,"excerpt":"Les sac de ventouse 3 mod\u00e8les pour la Hijame contient 6 unit\u00e9s. 2 petite ventouse + 2 moyenne + 2 grande","rel":"","context":"Article similaire","block_context":{"text":"Article similaire","link":""},"img":{"alt_text":"","src":"https:\/\/i0.wp.com\/docmarket-dz.com\/wp-content\/uploads\/2024\/07\/Sans-titre-1.jpg?fit=903%2C1200&ssl=1&resize=350%2C200","width":350,"height":200,"srcset":"https:\/\/i0.wp.com\/docmarket-dz.com\/wp-content\/uploads\/2024\/07\/Sans-titre-1.jpg?fit=903%2C1200&ssl=1&resize=350%2C200 1x, https:\/\/i0.wp.com\/docmarket-dz.com\/wp-content\/uploads\/2024\/07\/Sans-titre-1.jpg?fit=903%2C1200&ssl=1&resize=525%2C300 1.5x, https:\/\/i0.wp.com\/docmarket-dz.com\/wp-content\/uploads\/2024\/07\/Sans-titre-1.jpg?fit=903%2C1200&ssl=1&resize=700%2C400 2x"},"classes":[]},{"id":27821,"url":"https:\/\/docmarket-dz.com\/index.php\/product\/ventouse-hidjama-22\/","url_meta":{"origin":27871,"position":3},"title":"Ventouse HIJAMA 2*2","author":"fatmazohra.nasri","date":"13\/11\/2023","format":false,"excerpt":"Ce produit est d\u00e9sinfect\u00e9 par des dispositifs de st\u00e9rilisation. Ce produit est fabriqu\u00e9 pour un usage unique seulement.","rel":"","context":"Article similaire","block_context":{"text":"Article similaire","link":""},"img":{"alt_text":"","src":"https:\/\/i0.wp.com\/docmarket-dz.com\/wp-content\/uploads\/2023\/11\/image0.png?fit=599%2C596&ssl=1&resize=350%2C200","width":350,"height":200,"srcset":"https:\/\/i0.wp.com\/docmarket-dz.com\/wp-content\/uploads\/2023\/11\/image0.png?fit=599%2C596&ssl=1&resize=350%2C200 1x, https:\/\/i0.wp.com\/docmarket-dz.com\/wp-content\/uploads\/2023\/11\/image0.png?fit=599%2C596&ssl=1&resize=525%2C300 1.5x"},"classes":[]},{"id":27819,"url":"https:\/\/docmarket-dz.com\/index.php\/product\/ventouse-hidjama-al-madina\/","url_meta":{"origin":27871,"position":4},"title":"Ventouse HIJAMA AL Madina","author":"fatmazohra.nasri","date":"13\/11\/2023","format":false,"excerpt":"Ce produit est d\u00e9sinfect\u00e9 par des dispositifs de st\u00e9rilisation. Ce produit est fabriqu\u00e9 pour un usage unique seulement.","rel":"","context":"Article similaire","block_context":{"text":"Article similaire","link":""},"img":{"alt_text":"","src":"https:\/\/i0.wp.com\/docmarket-dz.com\/wp-content\/uploads\/2023\/11\/image1.jpg?fit=599%2C602&ssl=1&resize=350%2C200","width":350,"height":200,"srcset":"https:\/\/i0.wp.com\/docmarket-dz.com\/wp-content\/uploads\/2023\/11\/image1.jpg?fit=599%2C602&ssl=1&resize=350%2C200 1x, https:\/\/i0.wp.com\/docmarket-dz.com\/wp-content\/uploads\/2023\/11\/image1.jpg?fit=599%2C602&ssl=1&resize=525%2C300 1.5x"},"classes":[]},{"id":27896,"url":"https:\/\/docmarket-dz.com\/index.php\/product\/grains-vaccaria\/","url_meta":{"origin":27871,"position":5},"title":"Grains VACCARIA","author":"fatmazohra.nasri","date":"26\/11\/2023","format":false,"excerpt":"Ces petites graines sont utilis\u00e9es dans la pratique de l\u2019auriculoth\u00e9rapie et de la\u00a0r\u00e9flexoth\u00e9rapie\u00a0auriculaire. Pos\u00e9es par le praticien en cabinet\u00a0sur des points en correspondance avec\u00a0la\u00a0cartographie de l\u2019oreille et laiss\u00e9es sur le patient, elles permettent que l\u2019effet th\u00e9rapeutique perdure sur plusieurs jours\u00a0entre les s\u00e9ances de soin. Prot\u00e9g\u00e9es par\u00a0un sparadrap couleur chair, elles\u2026","rel":"","context":"Article similaire","block_context":{"text":"Article similaire","link":""},"img":{"alt_text":"","src":"https:\/\/i0.wp.com\/docmarket-dz.com\/wp-content\/uploads\/2023\/11\/538-Graines-auriculaires-PhotoRoom-PhotoRoom.png-PhotoRoom.png?fit=630%2C599&ssl=1&resize=350%2C200","width":350,"height":200,"srcset":"https:\/\/i0.wp.com\/docmarket-dz.com\/wp-content\/uploads\/2023\/11\/538-Graines-auriculaires-PhotoRoom-PhotoRoom.png-PhotoRoom.png?fit=630%2C599&ssl=1&resize=350%2C200 1x, https:\/\/i0.wp.com\/docmarket-dz.com\/wp-content\/uploads\/2023\/11\/538-Graines-auriculaires-PhotoRoom-PhotoRoom.png-PhotoRoom.png?fit=630%2C599&ssl=1&resize=525%2C300 1.5x"},"classes":[]}],"jetpack_sharing_enabled":true,"tiered_pricing_type":"fixed","tiered_pricing_fixed_rules":[],"tiered_pricing_product_settings":{"layout":"default","base_unit_name":{"singular":null,"plural":null},"default_variation":null},"tiered_pricing_minimum_quantity":null,"tiered_pricing_roles_data":[],"tiered_pricing_percentage_rules":[],"_links":{"self":[{"href":"https:\/\/docmarket-dz.com\/index.php\/wp-json\/wp\/v2\/product\/27871","targetHints":{"allow":["GET"]}}],"collection":[{"href":"https:\/\/docmarket-dz.com\/index.php\/wp-json\/wp\/v2\/product"}],"about":[{"href":"https:\/\/docmarket-dz.com\/index.php\/wp-json\/wp\/v2\/types\/product"}],"replies":[{"embeddable":true,"href":"https:\/\/docmarket-dz.com\/index.php\/wp-json\/wp\/v2\/comments?post=27871"}],"wp:featuredmedia":[{"embeddable":true,"href":"https:\/\/docmarket-dz.com\/index.php\/wp-json\/wp\/v2\/media\/27872"}],"wp:attachment":[{"href":"https:\/\/docmarket-dz.com\/index.php\/wp-json\/wp\/v2\/media?parent=27871"}],"wp:term":[{"taxonomy":"product_brand","embeddable":true,"href":"https:\/\/docmarket-dz.com\/index.php\/wp-json\/wp\/v2\/product_brand?post=27871"},{"taxonomy":"product_cat","embeddable":true,"href":"https:\/\/docmarket-dz.com\/index.php\/wp-json\/wp\/v2\/product_cat?post=27871"},{"taxonomy":"product_tag","embeddable":true,"href":"https:\/\/docmarket-dz.com\/index.php\/wp-json\/wp\/v2\/product_tag?post=27871"}],"curies":[{"name":"wp","href":"https:\/\/api.w.org\/{rel}","templated":true}]}}