{"id":28035,"date":"2023-12-09T10:17:18","date_gmt":"2023-12-09T09:17:18","guid":{"rendered":"https:\/\/docmarket-dz.com\/?post_type=product&#038;p=28035"},"modified":"2025-12-17T23:01:32","modified_gmt":"2025-12-17T22:01:32","slug":"lame-de-frottis-lame-porte-objet-254mm-x-762mm-bte-50","status":"publish","type":"product","link":"https:\/\/docmarket-dz.com\/index.php\/product\/lame-de-frottis-lame-porte-objet-254mm-x-762mm-bte-50\/","title":{"rendered":"Lame de frottis (LAME PORTE OBJET 25.4mm x 76.2mm (Bte\/50)"},"content":{"rendered":"","protected":false},"excerpt":{"rendered":"","protected":false},"featured_media":28036,"comment_status":"open","ping_status":"closed","template":"","meta":{"content-type":"","om_disable_all_campaigns":false,"_uf_show_specific_survey":0,"_uf_disable_surveys":false,"jetpack_publicize_message":"","jetpack_publicize_feature_enabled":true,"jetpack_social_post_already_shared":false,"jetpack_social_options":{"image_generator_settings":{"template":"highway","default_image_id":0,"font":"","enabled":false},"version":2}},"product_brand":[],"product_cat":[882,486],"product_tag":[],"class_list":{"0":"post-28035","1":"product","2":"type-product","3":"status-publish","4":"has-post-thumbnail","6":"product_cat-gynecologie","7":"product_cat-laboratoire","9":"first","10":"onbackorder","11":"taxable","12":"shipping-taxable","13":"purchasable","14":"product-type-simple"},"supplier_id":null,"supplier_sku":"","barcode":null,"atum_controlled":true,"out_stock_date":"2025-12-17 23:01:32","out_stock_threshold":null,"inheritable":false,"inbound_stock":0,"stock_on_hold":0,"sold_today":0,"sales_last_days":0,"reserved_stock":0,"customer_returns":0,"warehouse_damage":0,"lost_in_post":0,"other_logs":0,"out_stock_days":113,"lost_sales":0,"has_location":true,"update_date":"2026-04-10T00:05:12","atum_locations":[{"id":916,"name":"B1","slug":"b1"}],"atum_stock_status":"onbackorder","restock_status":false,"low_stock_amount":20,"sales_update_date":"2026-04-10T00:05:12","calc_backorders":0,"aioseo_notices":[],"jetpack_publicize_connections":[],"jetpack-related-posts":[{"id":29314,"url":"https:\/\/docmarket-dz.com\/index.php\/product\/lame-de-frottis-lame-porte-objet-25mm-x-75mm-bte-50\/","url_meta":{"origin":28035,"position":0},"title":"Lame de frottis (LAME PORTE OBJET 25mm x 75mm (Bte\/50)","author":"Sofiane Arbouche","date":"10\/09\/2024","format":false,"excerpt":"","rel":"","context":"Article similaire","block_context":{"text":"Article similaire","link":""},"img":{"alt_text":"","src":"https:\/\/i0.wp.com\/docmarket-dz.com\/wp-content\/uploads\/2023\/12\/lamelles-couvre-objets-22x22mm.jpg?fit=602%2C599&ssl=1&resize=350%2C200","width":350,"height":200,"srcset":"https:\/\/i0.wp.com\/docmarket-dz.com\/wp-content\/uploads\/2023\/12\/lamelles-couvre-objets-22x22mm.jpg?fit=602%2C599&ssl=1&resize=350%2C200 1x, https:\/\/i0.wp.com\/docmarket-dz.com\/wp-content\/uploads\/2023\/12\/lamelles-couvre-objets-22x22mm.jpg?fit=602%2C599&ssl=1&resize=525%2C300 1.5x"},"classes":[]},{"id":27848,"url":"https:\/\/docmarket-dz.com\/index.php\/product\/fixateur-cellulaire\/","url_meta":{"origin":28035,"position":1},"title":"fixateur cellulaire &#8220;Cytologique&#8221; 125 ML","author":"fatmazohra.nasri","date":"16\/11\/2023","format":false,"excerpt":"utilisation pr\u00e9vue: Soimed spray fixateur cytologique est un fixateur pour frottis cytologique \u00e0 base d'alcool, d\u00e9pose un film protecteur et garantissant une longue conservation, une moindre quantit\u00e9 vaporis\u00e9e sur la lame de verre est suffisante pour une bonne fixation en respectant l'aspect d'origine des cellules jusqu'\u00e0 la coloration. Le grand\u2026","rel":"","context":"Article similaire","block_context":{"text":"Article similaire","link":""},"img":{"alt_text":"","src":"https:\/\/i0.wp.com\/docmarket-dz.com\/wp-content\/uploads\/2023\/11\/IMG_3486-Photoroom.png-Photoroom.png?fit=605%2C600&ssl=1&resize=350%2C200","width":350,"height":200,"srcset":"https:\/\/i0.wp.com\/docmarket-dz.com\/wp-content\/uploads\/2023\/11\/IMG_3486-Photoroom.png-Photoroom.png?fit=605%2C600&ssl=1&resize=350%2C200 1x, https:\/\/i0.wp.com\/docmarket-dz.com\/wp-content\/uploads\/2023\/11\/IMG_3486-Photoroom.png-Photoroom.png?fit=605%2C600&ssl=1&resize=525%2C300 1.5x"},"classes":[]},{"id":25414,"url":"https:\/\/docmarket-dz.com\/index.php\/product\/electrode-de-lames-2-40mm70mm\/","url_meta":{"origin":28035,"position":2},"title":"Electrode De Lames  &#8211; 2.40mm70mm","author":"falek.h","date":"12\/03\/2023","format":false,"excerpt":"","rel":"","context":"Article similaire","block_context":{"text":"Article similaire","link":""},"img":{"alt_text":"","src":"","width":0,"height":0},"classes":[]},{"id":25263,"url":"https:\/\/docmarket-dz.com\/index.php\/product\/lame-bistouri-boite-de-100\/","url_meta":{"origin":28035,"position":3},"title":"LAME BISTOURI BOITE DE 100","author":"falek.h","date":"01\/03\/2023","format":false,"excerpt":"","rel":"","context":"Article similaire","block_context":{"text":"Article similaire","link":""},"img":{"alt_text":"","src":"https:\/\/i0.wp.com\/docmarket-dz.com\/wp-content\/uploads\/2023\/03\/LAME-BISTOURI-e1677643035425.jpeg?fit=600%2C544&ssl=1&resize=350%2C200","width":350,"height":200,"srcset":"https:\/\/i0.wp.com\/docmarket-dz.com\/wp-content\/uploads\/2023\/03\/LAME-BISTOURI-e1677643035425.jpeg?fit=600%2C544&ssl=1&resize=350%2C200 1x, https:\/\/i0.wp.com\/docmarket-dz.com\/wp-content\/uploads\/2023\/03\/LAME-BISTOURI-e1677643035425.jpeg?fit=600%2C544&ssl=1&resize=525%2C300 1.5x"},"classes":[]},{"id":25994,"url":"https:\/\/docmarket-dz.com\/index.php\/product\/laryngoscope-a-4-lames-en-fibre-optic\/","url_meta":{"origin":28035,"position":4},"title":"Laryngoscope a 4 lames en Fibre Optic","author":"falek.h","date":"12\/03\/2023","format":false,"excerpt":"","rel":"","context":"Article similaire","block_context":{"text":"Article similaire","link":""},"img":{"alt_text":"","src":"","width":0,"height":0},"classes":[]},{"id":28805,"url":"https:\/\/docmarket-dz.com\/index.php\/product\/laryngoscope-fibre-optique-led-04-lames-1234-mcintosh-adulte-enfant-en-coffret\/","url_meta":{"origin":28035,"position":5},"title":"LARYNGOSCOPE FIBRE OPTIQUE LED 04 LAMES 1-2-3-4 MCINTOSH ADULTE &#8211; ENFANT EN COFFRET","author":"fatmazohra.nasri","date":"04\/04\/2024","format":false,"excerpt":"","rel":"","context":"Article similaire","block_context":{"text":"Article similaire","link":""},"img":{"alt_text":"","src":"","width":0,"height":0},"classes":[]}],"jetpack_sharing_enabled":true,"tiered_pricing_type":"fixed","tiered_pricing_fixed_rules":[],"tiered_pricing_product_settings":{"layout":"default","base_unit_name":{"singular":null,"plural":null},"default_variation":null},"tiered_pricing_minimum_quantity":null,"tiered_pricing_roles_data":[],"tiered_pricing_percentage_rules":[],"_links":{"self":[{"href":"https:\/\/docmarket-dz.com\/index.php\/wp-json\/wp\/v2\/product\/28035","targetHints":{"allow":["GET"]}}],"collection":[{"href":"https:\/\/docmarket-dz.com\/index.php\/wp-json\/wp\/v2\/product"}],"about":[{"href":"https:\/\/docmarket-dz.com\/index.php\/wp-json\/wp\/v2\/types\/product"}],"replies":[{"embeddable":true,"href":"https:\/\/docmarket-dz.com\/index.php\/wp-json\/wp\/v2\/comments?post=28035"}],"wp:featuredmedia":[{"embeddable":true,"href":"https:\/\/docmarket-dz.com\/index.php\/wp-json\/wp\/v2\/media\/28036"}],"wp:attachment":[{"href":"https:\/\/docmarket-dz.com\/index.php\/wp-json\/wp\/v2\/media?parent=28035"}],"wp:term":[{"taxonomy":"product_brand","embeddable":true,"href":"https:\/\/docmarket-dz.com\/index.php\/wp-json\/wp\/v2\/product_brand?post=28035"},{"taxonomy":"product_cat","embeddable":true,"href":"https:\/\/docmarket-dz.com\/index.php\/wp-json\/wp\/v2\/product_cat?post=28035"},{"taxonomy":"product_tag","embeddable":true,"href":"https:\/\/docmarket-dz.com\/index.php\/wp-json\/wp\/v2\/product_tag?post=28035"}],"curies":[{"name":"wp","href":"https:\/\/api.w.org\/{rel}","templated":true}]}}