{"id":28714,"date":"2024-03-27T14:58:45","date_gmt":"2024-03-27T13:58:45","guid":{"rendered":"https:\/\/docmarket-dz.com\/?post_type=product&#038;p=28714"},"modified":"2025-05-12T15:04:28","modified_gmt":"2025-05-12T14:04:28","slug":"aerateur-transtympanique-shepard","status":"publish","type":"product","link":"https:\/\/docmarket-dz.com\/index.php\/product\/aerateur-transtympanique-shepard\/","title":{"rendered":"A\u00e9rateur transtympanique shepard &#8221; Drain transtympanique &#8220;"},"content":{"rendered":"<p>(DESCRIPTION\/INDICATION D&#8217;UTILISATION)<br \/>\n&#8211; Les tubes de ventilation sont indiqu\u00e9s pour la ventilation ou le drainage de l&#8217;oreille moyenne.<br \/>\n&#8211; Un tube de tympanostomie est plac\u00e9 dans une incision (myringotomie) g\u00e9n\u00e9ralement r\u00e9alis\u00e9e dans le quadrant ant\u00e9rieur-sup\u00e9rieur du tympan.<br \/>\n&#8211; But principal : ventiler l&#8217;oreille moyenne, facilitant le drainage des fluides vers le pharynx.<br \/>\n&#8211; Objectif secondaire : fournir une voie alternative pour la sortie du liquide de l&#8217;oreille moyenne.<br \/>\n&#8211; Avantage principal : maintenir l&#8217;oreille moyenne exempte d&#8217;effusion.<\/p>\n<p>(Utilisation sur tous les patients, y compris les p\u00e9diatriques)<br \/>\n&#8211; Les tubes de ventilation de l&#8217;oreille peuvent \u00eatre utilis\u00e9s sur tous les types de patients, y compris les p\u00e9diatriques.<br \/>\n&#8211; Les Mini Shah sont sp\u00e9cialement recommand\u00e9s pour la population p\u00e9diatrique.<\/p>\n<p>(Responsabilit\u00e9 de s\u00e9lection)<br \/>\n&#8211; La s\u00e9lection appropri\u00e9e du tube de ventilation de l&#8217;oreille selon les besoins du patient incombe au chirurgien.<\/p>\n","protected":false},"excerpt":{"rendered":"<p>(DESCRIPTION\/INDICATION D&#8217;UTILISATION) &#8211; Les tubes de ventilation sont indiqu\u00e9s pour la ventilation ou le drainage de l&#8217;oreille moyenne. &#8211; Un tube de tympanostomie est plac\u00e9 dans une incision (myringotomie) g\u00e9n\u00e9ralement r\u00e9alis\u00e9e dans le quadrant ant\u00e9rieur-sup\u00e9rieur du tympan. &#8211; But principal : ventiler l&#8217;oreille moyenne, facilitant le drainage des fluides vers le pharynx. &#8211; Objectif secondaire [&hellip;]<\/p>\n","protected":false},"featured_media":28734,"comment_status":"open","ping_status":"closed","template":"","meta":{"content-type":"","om_disable_all_campaigns":false,"_uf_show_specific_survey":0,"_uf_disable_surveys":false,"jetpack_publicize_message":"","jetpack_publicize_feature_enabled":true,"jetpack_social_post_already_shared":true,"jetpack_social_options":{"image_generator_settings":{"template":"highway","default_image_id":0,"font":"","enabled":false},"version":2}},"product_brand":[],"product_cat":[487,881],"product_tag":[],"class_list":{"0":"post-28714","1":"product","2":"type-product","3":"status-publish","4":"has-post-thumbnail","6":"product_cat-medical","7":"product_cat-orl","9":"first","10":"instock","11":"taxable","12":"shipping-taxable","13":"purchasable","14":"product-type-simple"},"supplier_id":null,"supplier_sku":"","barcode":null,"atum_controlled":true,"out_stock_date":null,"out_stock_threshold":null,"inheritable":false,"inbound_stock":0,"stock_on_hold":0,"sold_today":0,"sales_last_days":0,"reserved_stock":0,"customer_returns":0,"warehouse_damage":0,"lost_in_post":0,"other_logs":0,"out_stock_days":0,"lost_sales":0,"has_location":true,"update_date":"2026-04-10T00:05:02","atum_locations":[{"id":940,"name":"C3","slug":"c3"}],"atum_stock_status":"instock","restock_status":false,"low_stock_amount":"","sales_update_date":"2026-04-10T00:05:02","calc_backorders":null,"aioseo_notices":[],"jetpack_publicize_connections":[],"jetpack-related-posts":[{"id":28737,"url":"https:\/\/docmarket-dz.com\/index.php\/product\/aerateur-transtympanique-shepard-drain-transtympanique-tube-t\/","url_meta":{"origin":28714,"position":0},"title":"A\u00e9rateur transtympanique \u201d Drain transtympanique \u201c TUBE T","author":"fatmazohra.nasri","date":"31\/03\/2024","format":false,"excerpt":"Les a\u00e9rateurs transtympaniques se placent \u00e0 travers la membrane tympanique et procurent une a\u00e9ration entre l\u2019oreille moyenne et le conduit auditif externe.Ce passage non obstru\u00e9 permet \u00e9galement le drainage des liquides, r\u00e9sultant de l\u2019otite moyenne aig\u00fce ou chronique. Par ailleurs, le placement chirurgical d\u2019un a\u00e9rateur transtympanique permet d\u2019\u00e9quilibrer les pressions\u2026","rel":"","context":"Article similaire","block_context":{"text":"Article similaire","link":""},"img":{"alt_text":"","src":"https:\/\/i0.wp.com\/docmarket-dz.com\/wp-content\/uploads\/2024\/03\/T-Tube.png?fit=647%2C601&ssl=1&resize=350%2C200","width":350,"height":200,"srcset":"https:\/\/i0.wp.com\/docmarket-dz.com\/wp-content\/uploads\/2024\/03\/T-Tube.png?fit=647%2C601&ssl=1&resize=350%2C200 1x, https:\/\/i0.wp.com\/docmarket-dz.com\/wp-content\/uploads\/2024\/03\/T-Tube.png?fit=647%2C601&ssl=1&resize=525%2C300 1.5x"},"classes":[]},{"id":28546,"url":"https:\/\/docmarket-dz.com\/index.php\/product\/wellead-sonde-gastrique-pvc-stomach-tube-10fr\/","url_meta":{"origin":28714,"position":1},"title":"WELLEAD SONDE GASTRIQUE PVC (STOMACH TUBE) 10FR","author":"fatmazohra.nasri","date":"15\/02\/2024","format":false,"excerpt":"Une\u00a0sonde endotrach\u00e9ale\u00a0(ou\u00a0tube endotrach\u00e9al) est une sonde destin\u00e9e \u00e0 \u00eatre ins\u00e9r\u00e9e par la bouche ou le nez dans la trach\u00e9e pour assurer le maintien de la perm\u00e9abilit\u00e9 des voies a\u00e9riennes et permettre la\u00a0ventilation m\u00e9canique\u00a0(voir\u00a0intubation trach\u00e9ale)","rel":"","context":"Article similaire","block_context":{"text":"Article similaire","link":""},"img":{"alt_text":"","src":"https:\/\/i0.wp.com\/docmarket-dz.com\/wp-content\/uploads\/2024\/02\/IMG_20240317_150020-removebg-preview-1.png?fit=606%2C602&ssl=1&resize=350%2C200","width":350,"height":200,"srcset":"https:\/\/i0.wp.com\/docmarket-dz.com\/wp-content\/uploads\/2024\/02\/IMG_20240317_150020-removebg-preview-1.png?fit=606%2C602&ssl=1&resize=350%2C200 1x, https:\/\/i0.wp.com\/docmarket-dz.com\/wp-content\/uploads\/2024\/02\/IMG_20240317_150020-removebg-preview-1.png?fit=606%2C602&ssl=1&resize=525%2C300 1.5x"},"classes":[]},{"id":27896,"url":"https:\/\/docmarket-dz.com\/index.php\/product\/grains-vaccaria\/","url_meta":{"origin":28714,"position":2},"title":"Grains VACCARIA","author":"fatmazohra.nasri","date":"26\/11\/2023","format":false,"excerpt":"Ces petites graines sont utilis\u00e9es dans la pratique de l\u2019auriculoth\u00e9rapie et de la\u00a0r\u00e9flexoth\u00e9rapie\u00a0auriculaire. Pos\u00e9es par le praticien en cabinet\u00a0sur des points en correspondance avec\u00a0la\u00a0cartographie de l\u2019oreille et laiss\u00e9es sur le patient, elles permettent que l\u2019effet th\u00e9rapeutique perdure sur plusieurs jours\u00a0entre les s\u00e9ances de soin. Prot\u00e9g\u00e9es par\u00a0un sparadrap couleur chair, elles\u2026","rel":"","context":"Article similaire","block_context":{"text":"Article similaire","link":""},"img":{"alt_text":"","src":"https:\/\/i0.wp.com\/docmarket-dz.com\/wp-content\/uploads\/2023\/11\/538-Graines-auriculaires-PhotoRoom-PhotoRoom.png-PhotoRoom.png?fit=630%2C599&ssl=1&resize=350%2C200","width":350,"height":200,"srcset":"https:\/\/i0.wp.com\/docmarket-dz.com\/wp-content\/uploads\/2023\/11\/538-Graines-auriculaires-PhotoRoom-PhotoRoom.png-PhotoRoom.png?fit=630%2C599&ssl=1&resize=350%2C200 1x, https:\/\/i0.wp.com\/docmarket-dz.com\/wp-content\/uploads\/2023\/11\/538-Graines-auriculaires-PhotoRoom-PhotoRoom.png-PhotoRoom.png?fit=630%2C599&ssl=1&resize=525%2C300 1.5x"},"classes":[]},{"id":25445,"url":"https:\/\/docmarket-dz.com\/index.php\/product\/potence-a-serum-couleur-pediatrique\/","url_meta":{"origin":28714,"position":3},"title":"POTENCE A SERUM COULEUR PEDIATRIQUE","author":"falek.h","date":"12\/03\/2023","format":false,"excerpt":"","rel":"","context":"Article similaire","block_context":{"text":"Article similaire","link":""},"img":{"alt_text":"","src":"","width":0,"height":0},"classes":[]},{"id":26292,"url":"https:\/\/docmarket-dz.com\/index.php\/product\/sonde-de-foley-pediatrique-ch10-cathwide\/","url_meta":{"origin":28714,"position":4},"title":"SONDE DE FOLEY PEDIATRIQUE CH10 CATHWIDE","author":"falek.h","date":"12\/03\/2023","format":false,"excerpt":"","rel":"","context":"Article similaire","block_context":{"text":"Article similaire","link":""},"img":{"alt_text":"","src":"","width":0,"height":0},"classes":[]},{"id":26236,"url":"https:\/\/docmarket-dz.com\/index.php\/product\/poche-a-urine-pediatrique-2\/","url_meta":{"origin":28714,"position":5},"title":"POCHE A URINE PEDIATRIQUE","author":"falek.h","date":"12\/03\/2023","format":false,"excerpt":"","rel":"","context":"Article similaire","block_context":{"text":"Article similaire","link":""},"img":{"alt_text":"","src":"https:\/\/i0.wp.com\/docmarket-dz.com\/wp-content\/uploads\/2023\/03\/HTB1YnQfBQSWBuNjSszdq6zeSpXar-e1696501001440.jpg?fit=600%2C600&ssl=1&resize=350%2C200","width":350,"height":200,"srcset":"https:\/\/i0.wp.com\/docmarket-dz.com\/wp-content\/uploads\/2023\/03\/HTB1YnQfBQSWBuNjSszdq6zeSpXar-e1696501001440.jpg?fit=600%2C600&ssl=1&resize=350%2C200 1x, https:\/\/i0.wp.com\/docmarket-dz.com\/wp-content\/uploads\/2023\/03\/HTB1YnQfBQSWBuNjSszdq6zeSpXar-e1696501001440.jpg?fit=600%2C600&ssl=1&resize=525%2C300 1.5x"},"classes":[]}],"jetpack_sharing_enabled":true,"tiered_pricing_type":"fixed","tiered_pricing_fixed_rules":[],"tiered_pricing_product_settings":{"layout":"default","base_unit_name":{"singular":null,"plural":null},"default_variation":null},"tiered_pricing_minimum_quantity":null,"tiered_pricing_roles_data":[],"tiered_pricing_percentage_rules":[],"_links":{"self":[{"href":"https:\/\/docmarket-dz.com\/index.php\/wp-json\/wp\/v2\/product\/28714","targetHints":{"allow":["GET"]}}],"collection":[{"href":"https:\/\/docmarket-dz.com\/index.php\/wp-json\/wp\/v2\/product"}],"about":[{"href":"https:\/\/docmarket-dz.com\/index.php\/wp-json\/wp\/v2\/types\/product"}],"replies":[{"embeddable":true,"href":"https:\/\/docmarket-dz.com\/index.php\/wp-json\/wp\/v2\/comments?post=28714"}],"wp:featuredmedia":[{"embeddable":true,"href":"https:\/\/docmarket-dz.com\/index.php\/wp-json\/wp\/v2\/media\/28734"}],"wp:attachment":[{"href":"https:\/\/docmarket-dz.com\/index.php\/wp-json\/wp\/v2\/media?parent=28714"}],"wp:term":[{"taxonomy":"product_brand","embeddable":true,"href":"https:\/\/docmarket-dz.com\/index.php\/wp-json\/wp\/v2\/product_brand?post=28714"},{"taxonomy":"product_cat","embeddable":true,"href":"https:\/\/docmarket-dz.com\/index.php\/wp-json\/wp\/v2\/product_cat?post=28714"},{"taxonomy":"product_tag","embeddable":true,"href":"https:\/\/docmarket-dz.com\/index.php\/wp-json\/wp\/v2\/product_tag?post=28714"}],"curies":[{"name":"wp","href":"https:\/\/api.w.org\/{rel}","templated":true}]}}