{"id":28799,"date":"2024-04-04T13:54:04","date_gmt":"2024-04-04T12:54:04","guid":{"rendered":"https:\/\/docmarket-dz.com\/?post_type=product&#038;p=28799"},"modified":"2024-04-14T14:27:29","modified_gmt":"2024-04-14T13:27:29","slug":"boite-daccouchement-simple-complete10-articles","status":"publish","type":"product","link":"https:\/\/docmarket-dz.com\/index.php\/product\/boite-daccouchement-simple-complete10-articles\/","title":{"rendered":"Boite d&#8217;accouchement Simple Compl\u00e8te(10 Articles)"},"content":{"rendered":"<p>La<strong>\u00a0bo\u00eete pour accouchement simple<\/strong>\u00a0de la marque Holtex contient des instruments\u00a0<strong>\u00e0 destination des professionnels de sant\u00e9<\/strong>\u00a0et en particulier des sages-femmes, con\u00e7us pour permettre de\u00a0<strong>pratiquer un accouchement sans complication<\/strong>.<\/p>\n<p>Tous ces instruments sont fabriqu\u00e9s en<strong>\u00a0acier inoxydable<\/strong>\u00a0et b\u00e9n\u00e9ficient d\u2019une<strong>\u00a0excellente r\u00e9sistance<\/strong>. Robuste, ce mat\u00e9riel r\u00e9pond aux exigences des normes en vigueur et\u00a0<strong>supporte les nettoyages fr\u00e9quents comme la st\u00e9rilisation en autoclave<\/strong>.<\/p>\n<p>Cette bo\u00eete en inox (20 x 10 x 3 cm) est compos\u00e9e des<strong>\u00a08 instruments indispensables<\/strong>\u00a0qui vont permettre de r\u00e9aliser un\u00a0<strong>accouchement\u00a0simple<\/strong>\u00a0:<br \/>\n\u2022\u00a0<strong>1 aiguille Reverdin courbe moyenne<\/strong>, 20 cm (suture du p\u00e9rin\u00e9e en cas de d\u00e9chirure spontan\u00e9e)<br \/>\n\u2022\u00a0<strong>1 paire de ciseaux mousses courbes<\/strong>, 18 cm (d\u00e9coupe de pansements et compresses)<br \/>\n\u2022\u00a0<strong>1 clamp ombilical de Bar<\/strong>, 8 cm (permet de clamper le cordon ombilical avant de le couper)<br \/>\n\u2022\u00a0<strong>1 insufflateur Ribemont sans poire<\/strong>, 10 cm (sert \u00e0 d\u00e9gager les voies respiratoires du nouveau-n\u00e9 \u00e0 l\u2019aide d\u2019une sonde)<br \/>\n\u2022<strong>\u00a02 pinces kocher droites avec griffes<\/strong>, 18 cm (pour clamper les tubulures de perfusion, fixer divers \u00e9l\u00e9ments)<br \/>\n\u2022\u00a0<strong>2 pinces P\u00e9an Murphy<\/strong>, 18 cm (pinces h\u00e9mostatiques, permet de ne pas \u00e9craser les tissus adjacents gr\u00e2ce \u00e0 ses 2 mors mousses stri\u00e9s)<br \/>\n\u2022<strong>\u00a01 perce-membrane<\/strong>, 19 cm (permet de percer l\u2019enveloppe f\u0153tale pour renforcer les contractions et acc\u00e9l\u00e9rer l\u2019accouchement)<br \/>\n\u2022\u00a0<strong>1 sonde v\u00e9sicale m\u00e9tal femme<\/strong>, 15 cm (permet de vidanger la vessie)<\/p>\n<p>Extr\u00eamement<strong>\u00a0fiables<\/strong>, ces instruments sont garantis pendant\u00a0<strong>2 ans<\/strong>.<\/p>\n<p><strong>Holtex<\/strong>\u00a0est l\u2019un des leaders de l\u2019instrumentation m\u00e9dicale. Il d\u00e9veloppe du\u00a0<strong>mat\u00e9riel m\u00e9dical reconnu<\/strong>\u00a0et appr\u00e9ci\u00e9 par les professionnels de sant\u00e9 pour sa\u00a0<strong>qualit\u00e9 de conception et sa durabilit\u00e9 dans le temps<\/strong>.<br \/>\nOutre les instruments de chirurgie, la marque propose \u00e9galement de l&#8217;\u00e9quipement de suivi \u00e0 l&#8217;image de l&#8217;<a href=\"https:\/\/www.pharma-gdd.com\/fr\/holtex-oxymetre-de-pouls-pc-60e\">oxym\u00e8tre PC60<\/a>, qui conviendra parfaitement \u00e0 un usage professionnel.<\/p>\n","protected":false},"excerpt":{"rendered":"<p>La\u00a0bo\u00eete pour accouchement simple\u00a0de la marque Holtex contient des instruments\u00a0\u00e0 destination des professionnels de sant\u00e9\u00a0et en particulier des sages-femmes, con\u00e7us pour permettre de\u00a0pratiquer un accouchement sans complication. Tous ces instruments sont fabriqu\u00e9s en\u00a0acier inoxydable\u00a0et b\u00e9n\u00e9ficient d\u2019une\u00a0excellente r\u00e9sistance. Robuste, ce mat\u00e9riel r\u00e9pond aux exigences des normes en vigueur et\u00a0supporte les nettoyages fr\u00e9quents comme la st\u00e9rilisation en [&hellip;]<\/p>\n","protected":false},"featured_media":28802,"comment_status":"open","ping_status":"closed","template":"","meta":{"content-type":"","om_disable_all_campaigns":false,"_uf_show_specific_survey":0,"_uf_disable_surveys":false,"jetpack_publicize_message":"","jetpack_publicize_feature_enabled":true,"jetpack_social_post_already_shared":true,"jetpack_social_options":{"image_generator_settings":{"template":"highway","default_image_id":0,"font":"","enabled":false},"version":2}},"product_brand":[],"product_cat":[882,487],"product_tag":[],"class_list":{"0":"post-28799","1":"product","2":"type-product","3":"status-publish","4":"has-post-thumbnail","6":"product_cat-gynecologie","7":"product_cat-medical","8":"ts_product_brand-holtex","10":"first","11":"onbackorder","12":"taxable","13":"shipping-taxable","14":"purchasable","15":"product-type-simple"},"supplier_id":null,"supplier_sku":"","barcode":null,"atum_controlled":true,"out_stock_date":null,"out_stock_threshold":null,"inheritable":false,"inbound_stock":0,"stock_on_hold":5,"sold_today":0,"sales_last_days":0,"reserved_stock":0,"customer_returns":0,"warehouse_damage":0,"lost_in_post":0,"other_logs":0,"out_stock_days":0,"lost_sales":0,"has_location":false,"update_date":"2026-04-10T00:05:01","atum_locations":[],"atum_stock_status":"onbackorder","restock_status":false,"low_stock_amount":"","sales_update_date":"2026-04-10T00:05:01","calc_backorders":null,"aioseo_notices":[],"jetpack_publicize_connections":[],"jetpack-related-posts":[{"id":29014,"url":"https:\/\/docmarket-dz.com\/index.php\/product\/curapor-pansement-chirurgical-sterile-10-x-15-cm-boite-de-25\/","url_meta":{"origin":28799,"position":0},"title":"Curapor\u00ae Pansement chirurgical st\u00e9rile 10 X 15 CM Boite de 25","author":"Sofiane Arbouche","date":"02\/06\/2024","format":false,"excerpt":"","rel":"","context":"Article similaire","block_context":{"text":"Article similaire","link":""},"img":{"alt_text":"","src":"https:\/\/i0.wp.com\/docmarket-dz.com\/wp-content\/uploads\/2024\/06\/Pancement.png?fit=478%2C357&ssl=1&resize=350%2C200","width":350,"height":200},"classes":[]},{"id":28133,"url":"https:\/\/docmarket-dz.com\/index.php\/product\/pince-hemostatique-halstead-13-cm-droite-s-g\/","url_meta":{"origin":28799,"position":1},"title":"Pince h\u00e9mostatique ( HALSTEAD . 13 CM DROITE S\/G","author":"fatmazohra.nasri","date":"16\/12\/2023","format":false,"excerpt":"La\u00a0pince h\u00e9mostatique de Halstead (ou pince moustique)\u00a0est une pince chirurgicale en acier inoxydable. Avec ses machoires rainur\u00e9es et son m\u00e9canisme d'autoblocage \u00e0 cr\u00e9maill\u00e8re, elle est bien adapt\u00e9e pour stopper les saignements (clamps de vaisseaux), saisir et manipuler des tissus ou dispositifs m\u00e9dicaux (compresses, aiguilles ...). La pince de Halstead droites\u2026","rel":"","context":"Article similaire","block_context":{"text":"Article similaire","link":""},"img":{"alt_text":"","src":"https:\/\/i0.wp.com\/docmarket-dz.com\/wp-content\/uploads\/2023\/12\/148982_IP08213_pince-rochester_pean_kocher_SG-droite-HOLTEX_Original-600x409-1.jpg?fit=602%2C588&ssl=1&resize=350%2C200","width":350,"height":200,"srcset":"https:\/\/i0.wp.com\/docmarket-dz.com\/wp-content\/uploads\/2023\/12\/148982_IP08213_pince-rochester_pean_kocher_SG-droite-HOLTEX_Original-600x409-1.jpg?fit=602%2C588&ssl=1&resize=350%2C200 1x, https:\/\/i0.wp.com\/docmarket-dz.com\/wp-content\/uploads\/2023\/12\/148982_IP08213_pince-rochester_pean_kocher_SG-droite-HOLTEX_Original-600x409-1.jpg?fit=602%2C588&ssl=1&resize=525%2C300 1.5x"},"classes":[]},{"id":29339,"url":"https:\/\/docmarket-dz.com\/index.php\/product\/compresses-non-steriles-10-x-10-boite-de-100-pcs-marque-giap\/","url_meta":{"origin":28799,"position":2},"title":"COMPRESSES NON STERILES 10 X 10 Boite  de 100 pcs  Marque GIAP","author":"TIKELALINE Amel","date":"19\/09\/2024","format":false,"excerpt":"","rel":"","context":"Article similaire","block_context":{"text":"Article similaire","link":""},"img":{"alt_text":"","src":"","width":0,"height":0},"classes":[]},{"id":29151,"url":"https:\/\/docmarket-dz.com\/index.php\/product\/pansement-sterile-pour-hijama-boite-de-25-sacs-x-10-unites\/","url_meta":{"origin":28799,"position":3},"title":"Pansement St\u00e9rile pour Hijama &#8211; Boite de 25 sacs X 10 unit\u00e9s","author":"Sofiane Arbouche","date":"02\/07\/2024","format":false,"excerpt":"","rel":"","context":"Article similaire","block_context":{"text":"Article similaire","link":""},"img":{"alt_text":"","src":"https:\/\/i0.wp.com\/docmarket-dz.com\/wp-content\/uploads\/2024\/07\/Sans-titre.jpg?fit=903%2C1200&ssl=1&resize=350%2C200","width":350,"height":200,"srcset":"https:\/\/i0.wp.com\/docmarket-dz.com\/wp-content\/uploads\/2024\/07\/Sans-titre.jpg?fit=903%2C1200&ssl=1&resize=350%2C200 1x, https:\/\/i0.wp.com\/docmarket-dz.com\/wp-content\/uploads\/2024\/07\/Sans-titre.jpg?fit=903%2C1200&ssl=1&resize=525%2C300 1.5x, https:\/\/i0.wp.com\/docmarket-dz.com\/wp-content\/uploads\/2024\/07\/Sans-titre.jpg?fit=903%2C1200&ssl=1&resize=700%2C400 2x"},"classes":[]},{"id":30747,"url":"https:\/\/docmarket-dz.com\/index.php\/product\/tulle-gras-2020cm-boite-de-10\/","url_meta":{"origin":28799,"position":4},"title":"TULLE GRAS 20*20CM Boite de 10","author":"Amel","date":"10\/03\/2026","format":false,"excerpt":"","rel":"","context":"Article similaire","block_context":{"text":"Article similaire","link":""},"img":{"alt_text":"","src":"https:\/\/i0.wp.com\/docmarket-dz.com\/wp-content\/uploads\/2023\/03\/wdw-e1696495436938.jpg?fit=600%2C576&ssl=1&resize=350%2C200","width":350,"height":200,"srcset":"https:\/\/i0.wp.com\/docmarket-dz.com\/wp-content\/uploads\/2023\/03\/wdw-e1696495436938.jpg?fit=600%2C576&ssl=1&resize=350%2C200 1x, https:\/\/i0.wp.com\/docmarket-dz.com\/wp-content\/uploads\/2023\/03\/wdw-e1696495436938.jpg?fit=600%2C576&ssl=1&resize=525%2C300 1.5x"},"classes":[]},{"id":28496,"url":"https:\/\/docmarket-dz.com\/index.php\/product\/ciseaux-iridectomie-droit-115-cm\/","url_meta":{"origin":28799,"position":5},"title":"Ciseaux iridectomie droit 11.5 cm","author":"fatmazohra.nasri","date":"07\/02\/2024","format":false,"excerpt":"Les\u00a0ciseaux iridectomie droits 11.5 cm\u00a0sont des instruments m\u00e9dicaux et chirurgicaux de service g\u00e9n\u00e9ral pour les petits soins. Pr\u00e9cis gr\u00e2ce \u00e0 ses lames fines \u00e0 bouts pointues, il est compos\u00e9 d'inox d'excellente qualit\u00e9. Pr\u00e9caution d'emploi : - Tenir les instruments propres et d\u00e9sinfecter apr\u00e8s chaque utilisation. - A manipuler par des\u2026","rel":"","context":"Article similaire","block_context":{"text":"Article similaire","link":""},"img":{"alt_text":"","src":"https:\/\/i0.wp.com\/docmarket-dz.com\/wp-content\/uploads\/2024\/02\/CISEAUX-IRIDECTOMIE-DROITS-115-CM.jpg?fit=602%2C602&ssl=1&resize=350%2C200","width":350,"height":200,"srcset":"https:\/\/i0.wp.com\/docmarket-dz.com\/wp-content\/uploads\/2024\/02\/CISEAUX-IRIDECTOMIE-DROITS-115-CM.jpg?fit=602%2C602&ssl=1&resize=350%2C200 1x, https:\/\/i0.wp.com\/docmarket-dz.com\/wp-content\/uploads\/2024\/02\/CISEAUX-IRIDECTOMIE-DROITS-115-CM.jpg?fit=602%2C602&ssl=1&resize=525%2C300 1.5x"},"classes":[]}],"jetpack_sharing_enabled":true,"tiered_pricing_type":"fixed","tiered_pricing_fixed_rules":[],"tiered_pricing_product_settings":{"layout":"default","base_unit_name":{"singular":null,"plural":null},"default_variation":null},"tiered_pricing_minimum_quantity":null,"tiered_pricing_roles_data":[],"tiered_pricing_percentage_rules":[],"_links":{"self":[{"href":"https:\/\/docmarket-dz.com\/index.php\/wp-json\/wp\/v2\/product\/28799","targetHints":{"allow":["GET"]}}],"collection":[{"href":"https:\/\/docmarket-dz.com\/index.php\/wp-json\/wp\/v2\/product"}],"about":[{"href":"https:\/\/docmarket-dz.com\/index.php\/wp-json\/wp\/v2\/types\/product"}],"replies":[{"embeddable":true,"href":"https:\/\/docmarket-dz.com\/index.php\/wp-json\/wp\/v2\/comments?post=28799"}],"wp:featuredmedia":[{"embeddable":true,"href":"https:\/\/docmarket-dz.com\/index.php\/wp-json\/wp\/v2\/media\/28802"}],"wp:attachment":[{"href":"https:\/\/docmarket-dz.com\/index.php\/wp-json\/wp\/v2\/media?parent=28799"}],"wp:term":[{"taxonomy":"product_brand","embeddable":true,"href":"https:\/\/docmarket-dz.com\/index.php\/wp-json\/wp\/v2\/product_brand?post=28799"},{"taxonomy":"product_cat","embeddable":true,"href":"https:\/\/docmarket-dz.com\/index.php\/wp-json\/wp\/v2\/product_cat?post=28799"},{"taxonomy":"product_tag","embeddable":true,"href":"https:\/\/docmarket-dz.com\/index.php\/wp-json\/wp\/v2\/product_tag?post=28799"}],"curies":[{"name":"wp","href":"https:\/\/api.w.org\/{rel}","templated":true}]}}