{"id":28895,"date":"2024-04-29T10:57:27","date_gmt":"2024-04-29T09:57:27","guid":{"rendered":"https:\/\/docmarket-dz.com\/?post_type=product&#038;p=28895"},"modified":"2025-10-05T14:43:04","modified_gmt":"2025-10-05T13:43:04","slug":"speculum-vaginal-de-cusco-pliant-32-mm-long-90-mm","status":"publish","type":"product","link":"https:\/\/docmarket-dz.com\/index.php\/product\/speculum-vaginal-de-cusco-pliant-32-mm-long-90-mm\/","title":{"rendered":"Speculum vaginal de cusco pliant 32 mm long 90 mm"},"content":{"rendered":"","protected":false},"excerpt":{"rendered":"","protected":false},"featured_media":28896,"comment_status":"open","ping_status":"closed","template":"","meta":{"content-type":"","om_disable_all_campaigns":false,"_uf_show_specific_survey":0,"_uf_disable_surveys":false,"jetpack_publicize_message":"","jetpack_publicize_feature_enabled":true,"jetpack_social_post_already_shared":true,"jetpack_social_options":{"image_generator_settings":{"template":"highway","default_image_id":0,"font":"","enabled":false},"version":2}},"product_brand":[],"product_cat":[882],"product_tag":[],"class_list":{"0":"post-28895","1":"product","2":"type-product","3":"status-publish","4":"has-post-thumbnail","6":"product_cat-gynecologie","7":"ts_product_brand-holtex","9":"first","10":"onbackorder","11":"taxable","12":"shipping-taxable","13":"purchasable","14":"product-type-simple"},"supplier_id":null,"supplier_sku":"","barcode":null,"atum_controlled":true,"out_stock_date":"2025-10-05 14:43:04","out_stock_threshold":null,"inheritable":false,"inbound_stock":0,"stock_on_hold":0,"sold_today":0,"sales_last_days":0,"reserved_stock":0,"customer_returns":0,"warehouse_damage":0,"lost_in_post":0,"other_logs":0,"out_stock_days":186,"lost_sales":0,"has_location":false,"update_date":"2026-04-10T00:04:57","atum_locations":[],"atum_stock_status":"onbackorder","restock_status":false,"low_stock_amount":"","sales_update_date":"2026-04-10T00:04:57","calc_backorders":0,"aioseo_notices":[],"jetpack_publicize_connections":[],"jetpack-related-posts":[{"id":28039,"url":"https:\/\/docmarket-dz.com\/index.php\/product\/vaginal-speculum-jetable-s\/","url_meta":{"origin":28895,"position":0},"title":"VAGINAL SPECULUM JETABLE S","author":"fatmazohra.nasri","date":"09\/12\/2023","format":false,"excerpt":"","rel":"","context":"Article similaire","block_context":{"text":"Article similaire","link":""},"img":{"alt_text":"","src":"https:\/\/i0.wp.com\/docmarket-dz.com\/wp-content\/uploads\/2023\/12\/VAGINAL-SPECULUM-JETABLE-XL-e1677839415134.webp?fit=600%2C600&ssl=1&resize=350%2C200","width":350,"height":200,"srcset":"https:\/\/i0.wp.com\/docmarket-dz.com\/wp-content\/uploads\/2023\/12\/VAGINAL-SPECULUM-JETABLE-XL-e1677839415134.webp?fit=600%2C600&ssl=1&resize=350%2C200 1x, https:\/\/i0.wp.com\/docmarket-dz.com\/wp-content\/uploads\/2023\/12\/VAGINAL-SPECULUM-JETABLE-XL-e1677839415134.webp?fit=600%2C600&ssl=1&resize=525%2C300 1.5x"},"classes":[]},{"id":25338,"url":"https:\/\/docmarket-dz.com\/index.php\/product\/vaginal-speculum-jetable-m\/","url_meta":{"origin":28895,"position":1},"title":"VAGINAL SPECULUM JETABLE M","author":"falek.h","date":"03\/03\/2023","format":false,"excerpt":"","rel":"","context":"Article similaire","block_context":{"text":"Article similaire","link":""},"img":{"alt_text":"","src":"https:\/\/i0.wp.com\/docmarket-dz.com\/wp-content\/uploads\/2023\/03\/VAGINAL-SPECULUM-JETABLE-XL-e1677839415134.jpg?fit=600%2C600&ssl=1&resize=350%2C200","width":350,"height":200,"srcset":"https:\/\/i0.wp.com\/docmarket-dz.com\/wp-content\/uploads\/2023\/03\/VAGINAL-SPECULUM-JETABLE-XL-e1677839415134.jpg?fit=600%2C600&ssl=1&resize=350%2C200 1x, https:\/\/i0.wp.com\/docmarket-dz.com\/wp-content\/uploads\/2023\/03\/VAGINAL-SPECULUM-JETABLE-XL-e1677839415134.jpg?fit=600%2C600&ssl=1&resize=525%2C300 1.5x"},"classes":[]},{"id":28041,"url":"https:\/\/docmarket-dz.com\/index.php\/product\/vaginal-speculum-jetable-l\/","url_meta":{"origin":28895,"position":2},"title":"VAGINAL SPECULUM JETABLE L &#8220;Importation&#8221;","author":"fatmazohra.nasri","date":"09\/12\/2023","format":false,"excerpt":"","rel":"","context":"Article similaire","block_context":{"text":"Article similaire","link":""},"img":{"alt_text":"","src":"https:\/\/i0.wp.com\/docmarket-dz.com\/wp-content\/uploads\/2023\/12\/VAGINAL-SPECULUM-JETABLE-XL-e1677839415134.webp?fit=600%2C600&ssl=1&resize=350%2C200","width":350,"height":200,"srcset":"https:\/\/i0.wp.com\/docmarket-dz.com\/wp-content\/uploads\/2023\/12\/VAGINAL-SPECULUM-JETABLE-XL-e1677839415134.webp?fit=600%2C600&ssl=1&resize=350%2C200 1x, https:\/\/i0.wp.com\/docmarket-dz.com\/wp-content\/uploads\/2023\/12\/VAGINAL-SPECULUM-JETABLE-XL-e1677839415134.webp?fit=600%2C600&ssl=1&resize=525%2C300 1.5x"},"classes":[]},{"id":28884,"url":"https:\/\/docmarket-dz.com\/index.php\/product\/speculum-vaginal-colin35mmx110mm\/","url_meta":{"origin":28895,"position":3},"title":"Sp\u00e9culum Vaginal Colin 35mmx110mm","author":"s.arbouche","date":"28\/04\/2024","format":false,"excerpt":"","rel":"","context":"Article similaire","block_context":{"text":"Article similaire","link":""},"img":{"alt_text":"","src":"https:\/\/i0.wp.com\/docmarket-dz.com\/wp-content\/uploads\/2024\/04\/speculum-vaginal-de-collin-dimensions-au-choix-holtex.jpg?fit=600%2C600&ssl=1&resize=350%2C200","width":350,"height":200,"srcset":"https:\/\/i0.wp.com\/docmarket-dz.com\/wp-content\/uploads\/2024\/04\/speculum-vaginal-de-collin-dimensions-au-choix-holtex.jpg?fit=600%2C600&ssl=1&resize=350%2C200 1x, https:\/\/i0.wp.com\/docmarket-dz.com\/wp-content\/uploads\/2024\/04\/speculum-vaginal-de-collin-dimensions-au-choix-holtex.jpg?fit=600%2C600&ssl=1&resize=525%2C300 1.5x"},"classes":[]},{"id":28334,"url":"https:\/\/docmarket-dz.com\/index.php\/product\/poire-a-injection-vaginal-et-rectale-330-ml\/","url_meta":{"origin":28895,"position":4},"title":"Poire A injection Vaginal et Rectale 330 ML","author":"TIKELALINE Amel","date":"14\/01\/2024","format":false,"excerpt":"1 canule vaginale 1 canule rectale Capacit\u00e9: 330 ml Dimensions: 90 x 255 mm Poire en PVC plastifi\u00e9 mou sans cadmium et sans plomb Canule en \u00e9thyl\u00e8ne polym\u00e9ris\u00e9 de qualit\u00e9 alimentaire R\u00e9sistance \u00e0 la temp\u00e9rature: -40 \u00b0C \u00e0 +300 \u00b0C","rel":"","context":"Article similaire","block_context":{"text":"Article similaire","link":""},"img":{"alt_text":"","src":"https:\/\/i0.wp.com\/docmarket-dz.com\/wp-content\/uploads\/2024\/01\/Poire-vaginale.jpg?fit=500%2C500&ssl=1&resize=350%2C200","width":350,"height":200},"classes":[]},{"id":24369,"url":"https:\/\/docmarket-dz.com\/index.php\/product\/boite-inox-180x80x40-mm\/","url_meta":{"origin":28895,"position":5},"title":"BOITE INOX 180X80X40 MM","author":"falek.h","date":"23\/12\/2022","format":false,"excerpt":"","rel":"","context":"Article similaire","block_context":{"text":"Article similaire","link":""},"img":{"alt_text":"","src":"https:\/\/i0.wp.com\/docmarket-dz.com\/wp-content\/uploads\/2022\/12\/boite-inox.jpg?fit=500%2C500&ssl=1&resize=350%2C200","width":350,"height":200},"classes":[]}],"jetpack_sharing_enabled":true,"tiered_pricing_type":"fixed","tiered_pricing_fixed_rules":[],"tiered_pricing_product_settings":{"layout":"default","base_unit_name":{"singular":null,"plural":null},"default_variation":null},"tiered_pricing_minimum_quantity":null,"tiered_pricing_roles_data":[],"tiered_pricing_percentage_rules":[],"_links":{"self":[{"href":"https:\/\/docmarket-dz.com\/index.php\/wp-json\/wp\/v2\/product\/28895","targetHints":{"allow":["GET"]}}],"collection":[{"href":"https:\/\/docmarket-dz.com\/index.php\/wp-json\/wp\/v2\/product"}],"about":[{"href":"https:\/\/docmarket-dz.com\/index.php\/wp-json\/wp\/v2\/types\/product"}],"replies":[{"embeddable":true,"href":"https:\/\/docmarket-dz.com\/index.php\/wp-json\/wp\/v2\/comments?post=28895"}],"wp:featuredmedia":[{"embeddable":true,"href":"https:\/\/docmarket-dz.com\/index.php\/wp-json\/wp\/v2\/media\/28896"}],"wp:attachment":[{"href":"https:\/\/docmarket-dz.com\/index.php\/wp-json\/wp\/v2\/media?parent=28895"}],"wp:term":[{"taxonomy":"product_brand","embeddable":true,"href":"https:\/\/docmarket-dz.com\/index.php\/wp-json\/wp\/v2\/product_brand?post=28895"},{"taxonomy":"product_cat","embeddable":true,"href":"https:\/\/docmarket-dz.com\/index.php\/wp-json\/wp\/v2\/product_cat?post=28895"},{"taxonomy":"product_tag","embeddable":true,"href":"https:\/\/docmarket-dz.com\/index.php\/wp-json\/wp\/v2\/product_tag?post=28895"}],"curies":[{"name":"wp","href":"https:\/\/api.w.org\/{rel}","templated":true}]}}