{"id":29680,"date":"2024-11-18T15:49:43","date_gmt":"2024-11-18T14:49:43","guid":{"rendered":"https:\/\/docmarket-dz.com\/?post_type=product&#038;p=29680"},"modified":"2024-11-19T12:04:58","modified_gmt":"2024-11-19T11:04:58","slug":"pese-personne-electronique-avec-toise-batterie","status":"publish","type":"product","link":"https:\/\/docmarket-dz.com\/index.php\/product\/pese-personne-electronique-avec-toise-batterie\/","title":{"rendered":"P\u00e8se personne \u00e9lectronique avec toise &#8211; batterie"},"content":{"rendered":"","protected":false},"excerpt":{"rendered":"","protected":false},"featured_media":0,"comment_status":"open","ping_status":"closed","template":"","meta":{"content-type":"","om_disable_all_campaigns":false,"_uf_show_specific_survey":0,"_uf_disable_surveys":false,"jetpack_publicize_message":"","jetpack_publicize_feature_enabled":true,"jetpack_social_post_already_shared":true,"jetpack_social_options":{"image_generator_settings":{"template":"highway","default_image_id":0,"font":"","enabled":false},"version":2}},"product_brand":[],"product_cat":[739],"product_tag":[],"class_list":{"0":"post-29680","1":"product","2":"type-product","3":"status-publish","5":"product_cat-acupuncture","6":"ts_product_brand-starcare","8":"first","9":"outofstock","10":"taxable","11":"shipping-taxable","12":"purchasable","13":"product-type-simple"},"supplier_id":null,"supplier_sku":"","barcode":null,"atum_controlled":true,"out_stock_date":"2024-11-19 12:04:59","out_stock_threshold":null,"inheritable":false,"inbound_stock":0,"stock_on_hold":0,"sold_today":0,"sales_last_days":0,"reserved_stock":0,"customer_returns":0,"warehouse_damage":0,"lost_in_post":0,"other_logs":0,"out_stock_days":510,"lost_sales":5172857,"has_location":false,"update_date":"2026-04-14T00:06:19","atum_locations":[],"atum_stock_status":"outofstock","restock_status":false,"low_stock_amount":"","sales_update_date":"2026-04-14T00:06:18","calc_backorders":null,"aioseo_notices":[],"jetpack_publicize_connections":[],"jetpack-related-posts":[{"id":27545,"url":"https:\/\/docmarket-dz.com\/index.php\/product\/micro-toise-murale-starcare\/","url_meta":{"origin":29680,"position":0},"title":"MICRO TOISE MURALE STARCARE","author":"fatmazohra.nasri","date":"17\/10\/2023","format":false,"excerpt":"Cette micro toise murale, pr\u00e9cise au mm, est tr\u00e8s simple d\u2019utilisation. La taille de la personne mesur\u00e9e est indiqu\u00e9e dans la fen\u00eatre de lecture au niveau de la ligne de rep\u00e8re.","rel":"","context":"Article similaire","block_context":{"text":"Article similaire","link":""},"img":{"alt_text":"","src":"https:\/\/i0.wp.com\/docmarket-dz.com\/wp-content\/uploads\/2023\/10\/micro-toise-starcare.jpg?fit=607%2C594&ssl=1&resize=350%2C200","width":350,"height":200,"srcset":"https:\/\/i0.wp.com\/docmarket-dz.com\/wp-content\/uploads\/2023\/10\/micro-toise-starcare.jpg?fit=607%2C594&ssl=1&resize=350%2C200 1x, https:\/\/i0.wp.com\/docmarket-dz.com\/wp-content\/uploads\/2023\/10\/micro-toise-starcare.jpg?fit=607%2C594&ssl=1&resize=525%2C300 1.5x"},"classes":[]},{"id":26231,"url":"https:\/\/docmarket-dz.com\/index.php\/product\/pese-adulte-electronique-swingmed-2\/","url_meta":{"origin":29680,"position":1},"title":"PESE ADULTE ELECTRONIQUE SWINGMED","author":"falek.h","date":"12\/03\/2023","format":false,"excerpt":"","rel":"","context":"Article similaire","block_context":{"text":"Article similaire","link":""},"img":{"alt_text":"","src":"","width":0,"height":0},"classes":[]},{"id":26230,"url":"https:\/\/docmarket-dz.com\/index.php\/product\/pese-adulte-electronique-accuro-2\/","url_meta":{"origin":29680,"position":2},"title":"PESE ADULTE ELECTRONIQUE ACCURO","author":"falek.h","date":"12\/03\/2023","format":false,"excerpt":"","rel":"","context":"Article similaire","block_context":{"text":"Article similaire","link":""},"img":{"alt_text":"","src":"","width":0,"height":0},"classes":[]},{"id":27912,"url":"https:\/\/docmarket-dz.com\/index.php\/product\/pese-personne-mecanique-avec-toisecapacite-180kg-swing-med\/","url_meta":{"origin":29680,"position":3},"title":"PESE PERSONNE MECANIQUE AVEC TOISECAPACITE: 180Kg SWING MED","author":"fatmazohra.nasri","date":"26\/11\/2023","format":false,"excerpt":"La balance plate-forme SM081-JS est une balance pr\u00e9cise qui est parfaite pour une utilisation en clinique ou en h\u00f4pital. Haute pr\u00e9cision Construction robuste Pliable pour un rangement facile Assemblage facile Grand cadran pour une lecture facile Tige de hauteur Max. pesant: 180Kg , Grad : 1Kg Plage de hauteur: 210-60\u2026","rel":"","context":"Article similaire","block_context":{"text":"Article similaire","link":""},"img":{"alt_text":"","src":"","width":0,"height":0},"classes":[]},{"id":25398,"url":"https:\/\/docmarket-dz.com\/index.php\/product\/aspirateur-de-mucosite\/","url_meta":{"origin":29680,"position":4},"title":"ASPIRATEUR DE MUCOSITE","author":"falek.h","date":"12\/03\/2023","format":false,"excerpt":"ASPIRATEUR DE MUCOSITE ELECTRIQUE 220V-12V SANS BATTERIE SC-7E-C \u2013 Puissance d\u2019entr\u00e9e: 90VA \u2013 Valeur de pression n\u00e9gative maximale: \u22650,075MPa \u2013 Taux de pompage: \u226515L \/ min \u2013 Bruit: \u2264 65dB (A) \u2013 Volume du r\u00e9servoir: 1000 ml, 1 pi\u00e8ce \u2013 Batterie incluse : Non","rel":"","context":"Article similaire","block_context":{"text":"Article similaire","link":""},"img":{"alt_text":"","src":"https:\/\/i0.wp.com\/docmarket-dz.com\/wp-content\/uploads\/2023\/03\/51VSx7isK6L._AC_SL1010_-1.jpg?fit=500%2C500&ssl=1&resize=350%2C200","width":350,"height":200},"classes":[]},{"id":27869,"url":"https:\/\/docmarket-dz.com\/index.php\/product\/terling-pesr-personne-body-fat-analyser-tbf-0107\/","url_meta":{"origin":29680,"position":5},"title":"Balance &#8211; imp\u00e9dancem\u00e9tre &#8211; PESE PERSONNE -TBF 0107 -TERLING SWITZERLAND","author":"fatmazohra.nasri","date":"25\/11\/2023","format":false,"excerpt":"Design \u00e9l\u00e9gant 8 m\u00e9moires utilisateur Technologie SENSE ON \u00c9cran LCD num\u00e9rique Unit\u00e9 de mesure:\u00a0 Kilogramme, Pierre, Livre Plage de mesure:\u00a0 5 kg \u00e0 180 kg Environnement de stockage:\u00a0 Temp\u00e9rature : -20 \u00b0C \u00e0 60 \u00b0C, Humidit\u00e9 relative : \u2264 90% HR Source d'alimentation:\u00a0 4,5V (Trois piles de taille AAA) M\u00e9thode\u2026","rel":"","context":"Article similaire","block_context":{"text":"Article similaire","link":""},"img":{"alt_text":"","src":"","width":0,"height":0},"classes":[]}],"jetpack_sharing_enabled":true,"tiered_pricing_type":"fixed","tiered_pricing_fixed_rules":[],"tiered_pricing_product_settings":{"layout":"default","base_unit_name":{"singular":null,"plural":null},"default_variation":null},"tiered_pricing_minimum_quantity":null,"tiered_pricing_roles_data":[],"tiered_pricing_percentage_rules":[],"_links":{"self":[{"href":"https:\/\/docmarket-dz.com\/index.php\/wp-json\/wp\/v2\/product\/29680","targetHints":{"allow":["GET"]}}],"collection":[{"href":"https:\/\/docmarket-dz.com\/index.php\/wp-json\/wp\/v2\/product"}],"about":[{"href":"https:\/\/docmarket-dz.com\/index.php\/wp-json\/wp\/v2\/types\/product"}],"replies":[{"embeddable":true,"href":"https:\/\/docmarket-dz.com\/index.php\/wp-json\/wp\/v2\/comments?post=29680"}],"wp:attachment":[{"href":"https:\/\/docmarket-dz.com\/index.php\/wp-json\/wp\/v2\/media?parent=29680"}],"wp:term":[{"taxonomy":"product_brand","embeddable":true,"href":"https:\/\/docmarket-dz.com\/index.php\/wp-json\/wp\/v2\/product_brand?post=29680"},{"taxonomy":"product_cat","embeddable":true,"href":"https:\/\/docmarket-dz.com\/index.php\/wp-json\/wp\/v2\/product_cat?post=29680"},{"taxonomy":"product_tag","embeddable":true,"href":"https:\/\/docmarket-dz.com\/index.php\/wp-json\/wp\/v2\/product_tag?post=29680"}],"curies":[{"name":"wp","href":"https:\/\/api.w.org\/{rel}","templated":true}]}}