{"id":30013,"date":"2025-04-15T10:27:23","date_gmt":"2025-04-15T09:27:23","guid":{"rendered":"https:\/\/docmarket-dz.com\/?post_type=product&#038;p=30013"},"modified":"2026-04-14T10:24:26","modified_gmt":"2026-04-14T09:24:26","slug":"aniospray-29-bouteille-1l","status":"publish","type":"product","link":"https:\/\/docmarket-dz.com\/index.php\/product\/aniospray-29-bouteille-1l\/","title":{"rendered":"ANIOSPRAY 29 &#8211; Bouteille 1L"},"content":{"rendered":"<h2 class=\"\" data-start=\"236\" data-end=\"323\">\ud83e\uddf4 Aniospray Surf 29 \u2013 D\u00e9sinfectant de surface professionnel sans rin\u00e7age (1L ou 5L)<\/h2>\n<p class=\"\" data-start=\"325\" data-end=\"660\"><strong data-start=\"325\" data-end=\"346\">Aniospray Surf 29<\/strong> est un <strong data-start=\"354\" data-end=\"397\">d\u00e9sinfectant de surface pr\u00eat \u00e0 l\u2019emploi<\/strong>, sp\u00e9cialement con\u00e7u pour la <strong data-start=\"426\" data-end=\"469\">d\u00e9sinfection rapide du mat\u00e9riel m\u00e9dical<\/strong> et des <strong data-start=\"477\" data-end=\"535\">surfaces en milieu m\u00e9dical, param\u00e9dical et laboratoire<\/strong>. Formul\u00e9 <strong data-start=\"545\" data-end=\"562\">sans ald\u00e9hyde<\/strong>, il garantit une action rapide <strong data-start=\"594\" data-end=\"632\">bact\u00e9ricide, fongicide et virucide<\/strong> en seulement 1 \u00e0 5 minutes.<\/p>\n<hr class=\"\" data-start=\"662\" data-end=\"665\" \/>\n<h3 class=\"\" data-start=\"667\" data-end=\"687\">\u2705 Avantages cl\u00e9s<\/h3>\n<ul data-start=\"689\" data-end=\"1206\">\n<li class=\"\" data-start=\"689\" data-end=\"819\">\n<p class=\"\" data-start=\"691\" data-end=\"819\"><strong data-start=\"691\" data-end=\"732\">D\u00e9sinfectant puissant \u00e0 action rapide<\/strong> : \u00e9limine bact\u00e9ries, levures, champignons et virus envelopp\u00e9s (y compris coronavirus).<\/p>\n<\/li>\n<li class=\"\" data-start=\"820\" data-end=\"938\">\n<p class=\"\" data-start=\"822\" data-end=\"938\"><strong data-start=\"822\" data-end=\"855\">Pr\u00eat \u00e0 l\u2019emploi, sans rin\u00e7age<\/strong> : id\u00e9al pour une utilisation en cabinet m\u00e9dical, clinique, h\u00f4pital ou laboratoire.<\/p>\n<\/li>\n<li class=\"\" data-start=\"939\" data-end=\"1026\">\n<p class=\"\" data-start=\"941\" data-end=\"1026\"><strong data-start=\"941\" data-end=\"969\">Compatible tous supports<\/strong> : surface inox, plastique, verre, mobilier m\u00e9dical, etc.<\/p>\n<\/li>\n<li class=\"\" data-start=\"1027\" data-end=\"1130\">\n<p class=\"\" data-start=\"1029\" data-end=\"1130\"><strong data-start=\"1029\" data-end=\"1049\">Formulation s\u00fbre<\/strong> : sans ald\u00e9hyde, sans colorant, sans parfum \u2013 pr\u00e9serve la qualit\u00e9 des mat\u00e9riaux.<\/p>\n<\/li>\n<li class=\"\" data-start=\"1131\" data-end=\"1206\">\n<p class=\"\" data-start=\"1133\" data-end=\"1206\"><strong data-start=\"1133\" data-end=\"1155\">Efficacit\u00e9 prouv\u00e9e<\/strong> : conforme aux normes EN 1276, EN 14476, EN 13697.<\/p>\n<\/li>\n<\/ul>\n<hr class=\"\" data-start=\"1208\" data-end=\"1211\" \/>\n<h3 class=\"\" data-start=\"1213\" data-end=\"1247\">\ud83e\uddea Caract\u00e9ristiques techniques<\/h3>\n<ul data-start=\"1249\" data-end=\"1486\">\n<li class=\"\" data-start=\"1249\" data-end=\"1311\">\n<p class=\"\" data-start=\"1251\" data-end=\"1311\"><strong data-start=\"1251\" data-end=\"1270\">Type de produit<\/strong> : d\u00e9sinfectant de surface \u00e0 pulv\u00e9riser<\/p>\n<\/li>\n<li class=\"\" data-start=\"1312\" data-end=\"1349\">\n<p class=\"\" data-start=\"1314\" data-end=\"1349\"><strong data-start=\"1314\" data-end=\"1329\">Composition<\/strong> : \u00e9thanol 29% v\/v<\/p>\n<\/li>\n<li class=\"\" data-start=\"1350\" data-end=\"1367\">\n<p class=\"\" data-start=\"1352\" data-end=\"1367\"><strong data-start=\"1352\" data-end=\"1358\">pH<\/strong> : ~5,5<\/p>\n<\/li>\n<li class=\"\" data-start=\"1368\" data-end=\"1412\">\n<p class=\"\" data-start=\"1370\" data-end=\"1412\"><strong data-start=\"1370\" data-end=\"1380\">Aspect<\/strong> : liquide limpide et incolore<\/p>\n<\/li>\n<li class=\"\" data-start=\"1413\" data-end=\"1486\">\n<p class=\"\" data-start=\"1415\" data-end=\"1486\"><strong data-start=\"1415\" data-end=\"1434\">Conditionnement<\/strong> : flacon 1L avec pulv\u00e9risateur ou bidon recharge 5L<\/p>\n<\/li>\n<\/ul>\n<hr class=\"\" data-start=\"1488\" data-end=\"1491\" \/>\n<h3 class=\"\" data-start=\"1493\" data-end=\"1518\">\ud83e\uddfc Mode d\u2019utilisation<\/h3>\n<ol data-start=\"1520\" data-end=\"1732\">\n<li class=\"\" data-start=\"1520\" data-end=\"1558\">\n<p class=\"\" data-start=\"1523\" data-end=\"1558\">Nettoyer la surface au pr\u00e9alable.<\/p>\n<\/li>\n<li class=\"\" data-start=\"1559\" data-end=\"1606\">\n<p class=\"\" data-start=\"1562\" data-end=\"1606\">Pulv\u00e9riser Aniospray Surf 29 uniform\u00e9ment.<\/p>\n<\/li>\n<li class=\"\" data-start=\"1607\" data-end=\"1672\">\n<p class=\"\" data-start=\"1610\" data-end=\"1672\">Laisser agir (temps de contact selon micro-organisme cibl\u00e9).<\/p>\n<\/li>\n<li class=\"\" data-start=\"1673\" data-end=\"1732\">\n<p class=\"\" data-start=\"1676\" data-end=\"1732\">Ne pas rincer \u2013 s\u00e9cher si besoin avec un chiffon propre.<\/p>\n<\/li>\n<\/ol>\n<hr class=\"\" data-start=\"1734\" data-end=\"1737\" \/>\n<h3 class=\"\" data-start=\"1739\" data-end=\"1768\">\ud83d\udd12 Domaines d\u2019application<\/h3>\n<ul data-start=\"1770\" data-end=\"2008\">\n<li class=\"\" data-start=\"1770\" data-end=\"1811\">\n<p class=\"\" data-start=\"1772\" data-end=\"1811\">D\u00e9sinfection rapide entre deux patients<\/p>\n<\/li>\n<li class=\"\" data-start=\"1812\" data-end=\"1913\">\n<p class=\"\" data-start=\"1814\" data-end=\"1913\">D\u00e9sinfection de dispositifs m\u00e9dicaux non immergeables : st\u00e9thoscope, sonde, capteur, fauteuil, etc.<\/p>\n<\/li>\n<li class=\"\" data-start=\"1914\" data-end=\"2008\">\n<p class=\"\" data-start=\"1916\" data-end=\"2008\">Milieu hospitalier, EHPAD, cabinet dentaire, ambulance, laboratoire, esth\u00e9tique et tatouage.<\/p>\n<\/li>\n<\/ul>\n<hr class=\"\" data-start=\"2010\" data-end=\"2013\" \/>\n<h3 class=\"\" data-start=\"2015\" data-end=\"2050\">\ud83d\udce6 Conditionnements disponibles<\/h3>\n<ul data-start=\"2052\" data-end=\"2136\">\n<li class=\"\" data-start=\"2052\" data-end=\"2084\">\n<p class=\"\" data-start=\"2054\" data-end=\"2084\">Flacon pulv\u00e9risateur 1 litre<\/p>\n<\/li>\n<li class=\"\" data-start=\"2085\" data-end=\"2136\">\n<p class=\"\" data-start=\"2087\" data-end=\"2136\">Bidon 5 litres (\u00e9conomique, id\u00e9al pour recharges)<\/p>\n<\/li>\n<\/ul>\n","protected":false},"excerpt":{"rendered":"<p>\ud83e\uddf4 Aniospray Surf 29 \u2013 D\u00e9sinfectant de surface professionnel sans rin\u00e7age (1L ou 5L) Aniospray Surf 29 est un d\u00e9sinfectant de surface pr\u00eat \u00e0 l\u2019emploi, sp\u00e9cialement con\u00e7u pour la d\u00e9sinfection rapide du mat\u00e9riel m\u00e9dical et des surfaces en milieu m\u00e9dical, param\u00e9dical et laboratoire. Formul\u00e9 sans ald\u00e9hyde, il garantit une action rapide bact\u00e9ricide, fongicide et virucide [&hellip;]<\/p>\n","protected":false},"featured_media":30015,"comment_status":"open","ping_status":"closed","template":"","meta":{"content-type":"","om_disable_all_campaigns":false,"_uf_show_specific_survey":0,"_uf_disable_surveys":false,"jetpack_publicize_message":"","jetpack_publicize_feature_enabled":true,"jetpack_social_post_already_shared":true,"jetpack_social_options":{"image_generator_settings":{"template":"highway","default_image_id":0,"font":"","enabled":false},"version":2}},"product_brand":[],"product_cat":[100],"product_tag":[],"class_list":{"0":"post-30013","1":"product","2":"type-product","3":"status-publish","4":"has-post-thumbnail","6":"product_cat-dentaire","8":"first","9":"onbackorder","10":"taxable","11":"shipping-taxable","12":"purchasable","13":"product-type-simple"},"supplier_id":29265,"supplier_sku":"","barcode":null,"atum_controlled":true,"out_stock_date":"2026-04-14 10:24:26","out_stock_threshold":null,"inheritable":false,"inbound_stock":0,"stock_on_hold":0,"sold_today":0,"sales_last_days":0,"reserved_stock":0,"customer_returns":0,"warehouse_damage":0,"lost_in_post":0,"other_logs":0,"out_stock_days":1,"lost_sales":0,"has_location":true,"update_date":"2026-04-16T00:08:12","atum_locations":[{"id":936,"name":"C","slug":"c"}],"atum_stock_status":"onbackorder","restock_status":false,"low_stock_amount":"","sales_update_date":"2026-04-16T00:08:12","calc_backorders":0,"aioseo_notices":[],"jetpack_publicize_connections":[],"jetpack-related-posts":[{"id":28657,"url":"https:\/\/docmarket-dz.com\/index.php\/product\/solution-hydroalcoolique-cristal-1l\/","url_meta":{"origin":30013,"position":0},"title":"Solution Hydroalcoolique Cristal 1L","author":"TIKELALINE Amel","date":"19\/03\/2024","format":false,"excerpt":"Solution alcoolique en bouteille de 1 litre de la marque Cristal. Formul\u00e9e pour un usage externe seulement. Contient un pourcentage appropri\u00e9 d'alcool pour d\u00e9sinfecter efficacement les surfaces. Convient pour une utilisation dans les environnements m\u00e9dicaux, commerciaux et domestiques. Id\u00e9ale pour la d\u00e9sinfection des mains, des surfaces et des instruments m\u00e9dicaux.\u2026","rel":"","context":"Article similaire","block_context":{"text":"Article similaire","link":""},"img":{"alt_text":"","src":"https:\/\/i0.wp.com\/docmarket-dz.com\/wp-content\/uploads\/2024\/03\/IMG_20240324_102231-removebg-preview-2-1.png?fit=599%2C601&ssl=1&resize=350%2C200","width":350,"height":200,"srcset":"https:\/\/i0.wp.com\/docmarket-dz.com\/wp-content\/uploads\/2024\/03\/IMG_20240324_102231-removebg-preview-2-1.png?fit=599%2C601&ssl=1&resize=350%2C200 1x, https:\/\/i0.wp.com\/docmarket-dz.com\/wp-content\/uploads\/2024\/03\/IMG_20240324_102231-removebg-preview-2-1.png?fit=599%2C601&ssl=1&resize=525%2C300 1.5x"},"classes":[]},{"id":26412,"url":"https:\/\/docmarket-dz.com\/index.php\/product\/desinfectant-concentre-1l\/","url_meta":{"origin":30013,"position":1},"title":"DESINFECTANT CONCENTRE 1L","author":"falek.h","date":"12\/03\/2023","format":false,"excerpt":"","rel":"","context":"Article similaire","block_context":{"text":"Article similaire","link":""},"img":{"alt_text":"","src":"","width":0,"height":0},"classes":[]},{"id":26417,"url":"https:\/\/docmarket-dz.com\/index.php\/product\/desinfectant-multisurface-1l-2m\/","url_meta":{"origin":30013,"position":2},"title":"DESINFECTANT MULTISURFACE 1L 2M","author":"falek.h","date":"12\/03\/2023","format":false,"excerpt":"","rel":"","context":"Article similaire","block_context":{"text":"Article similaire","link":""},"img":{"alt_text":"","src":"","width":0,"height":0},"classes":[]},{"id":24527,"url":"https:\/\/docmarket-dz.com\/index.php\/product\/desinfectant-sols-et-surfaces-500-ml\/","url_meta":{"origin":30013,"position":3},"title":"desinfectant nettoyant multisurface 500 ML","author":"falek.h","date":"01\/01\/2023","format":false,"excerpt":"Le d\u00e9sinfectant sols et surfaces BacterClean est une pr\u00e9paration combin\u00e9e pour la d\u00e9sinfection et le nettoyage de mat\u00e9riels m\u00e9dicaux, de dispositifs m\u00e9dicaux et de tous types de surfaces. Il est \u00e9labor\u00e9 \u00e0 base d'ammonium quaternaire, il est sans parfum, sans ald\u00e9hydes, ni ph\u00e9nols et se caract\u00e9rise par une bonne puissance\u2026","rel":"","context":"Article similaire","block_context":{"text":"Article similaire","link":""},"img":{"alt_text":"","src":"https:\/\/i0.wp.com\/docmarket-dz.com\/wp-content\/uploads\/2023\/01\/desinfectant-PhotoRoom-e1672563198479.jpg?fit=600%2C531&ssl=1&resize=350%2C200","width":350,"height":200,"srcset":"https:\/\/i0.wp.com\/docmarket-dz.com\/wp-content\/uploads\/2023\/01\/desinfectant-PhotoRoom-e1672563198479.jpg?fit=600%2C531&ssl=1&resize=350%2C200 1x, https:\/\/i0.wp.com\/docmarket-dz.com\/wp-content\/uploads\/2023\/01\/desinfectant-PhotoRoom-e1672563198479.jpg?fit=600%2C531&ssl=1&resize=525%2C300 1.5x"},"classes":[]},{"id":26638,"url":"https:\/\/docmarket-dz.com\/index.php\/product\/desinfectant-anios-clean-exel-d-1l\/","url_meta":{"origin":30013,"position":4},"title":"PRE-DESINFECTANT ANIOS CLEAN EXEL D 5L &#8221; Remplace Hexanios &#8220;","author":"falek.h","date":"17\/03\/2023","format":false,"excerpt":"Anios Clean Excel D Nettoyant pr\u00e9-d\u00e9sinfectant Anios Clean Excel D Rempla\u00e7ant du Hexanios : plus efficace, plus respectueux de l'environnement L'Anios Clean Excel D permet le nettoyage et la pr\u00e9-d\u00e9sinfection de l'instrumentation m\u00e9dico-chirurgicale, des dispositifs m\u00e9dicaux, des instruments thermosensibles et du mat\u00e9riel d'endoscopie.","rel":"","context":"Article similaire","block_context":{"text":"Article similaire","link":""},"img":{"alt_text":"","src":"https:\/\/i0.wp.com\/docmarket-dz.com\/wp-content\/uploads\/2023\/03\/DESINFECTANT-ANIOS-CLEAN-EXEL-D-1L-e1680616437736.jpg?fit=463%2C600&ssl=1&resize=350%2C200","width":350,"height":200},"classes":[]},{"id":28026,"url":"https:\/\/docmarket-dz.com\/index.php\/product\/bechtoscope-plus-liquide-desinfectant-concentre-1l\/","url_meta":{"origin":30013,"position":5},"title":"Bechtoscope Plus &#8211; liquide d\u00e9sinfectant concentr\u00e9 1L","author":"Sofiane Arbouche","date":"06\/12\/2023","format":false,"excerpt":"\u00a0Le produit Bechtoscope plus est une solution de d\u00e9sinfection pour instruments m\u00e9dicaux, invasifs et non invasifs, ainsi que pour les dispositifs m\u00e9dicaux, y compris les endoscopes rigides et flexibles. \u2022\u00a0 \u00a0 \u00a0 \u00a0Propri\u00e9t\u00e9s: Il est compos\u00e9 d\u2019ald\u00e9hydes et de compos\u00e9s d\u2019ammonium quaternaire, avec une forte activit\u00e9 microbiologique \u00e0 faible concentration.\u2026","rel":"","context":"Article similaire","block_context":{"text":"Article similaire","link":""},"img":{"alt_text":"","src":"https:\/\/i0.wp.com\/docmarket-dz.com\/wp-content\/uploads\/2023\/12\/IMG_2131.png?fit=599%2C601&ssl=1&resize=350%2C200","width":350,"height":200,"srcset":"https:\/\/i0.wp.com\/docmarket-dz.com\/wp-content\/uploads\/2023\/12\/IMG_2131.png?fit=599%2C601&ssl=1&resize=350%2C200 1x, https:\/\/i0.wp.com\/docmarket-dz.com\/wp-content\/uploads\/2023\/12\/IMG_2131.png?fit=599%2C601&ssl=1&resize=525%2C300 1.5x"},"classes":[]}],"jetpack_sharing_enabled":true,"tiered_pricing_type":"fixed","tiered_pricing_fixed_rules":[],"tiered_pricing_product_settings":{"layout":"default","base_unit_name":{"singular":null,"plural":null},"default_variation":null},"tiered_pricing_minimum_quantity":null,"tiered_pricing_roles_data":[],"tiered_pricing_percentage_rules":[],"_links":{"self":[{"href":"https:\/\/docmarket-dz.com\/index.php\/wp-json\/wp\/v2\/product\/30013","targetHints":{"allow":["GET"]}}],"collection":[{"href":"https:\/\/docmarket-dz.com\/index.php\/wp-json\/wp\/v2\/product"}],"about":[{"href":"https:\/\/docmarket-dz.com\/index.php\/wp-json\/wp\/v2\/types\/product"}],"replies":[{"embeddable":true,"href":"https:\/\/docmarket-dz.com\/index.php\/wp-json\/wp\/v2\/comments?post=30013"}],"wp:featuredmedia":[{"embeddable":true,"href":"https:\/\/docmarket-dz.com\/index.php\/wp-json\/wp\/v2\/media\/30015"}],"wp:attachment":[{"href":"https:\/\/docmarket-dz.com\/index.php\/wp-json\/wp\/v2\/media?parent=30013"}],"wp:term":[{"taxonomy":"product_brand","embeddable":true,"href":"https:\/\/docmarket-dz.com\/index.php\/wp-json\/wp\/v2\/product_brand?post=30013"},{"taxonomy":"product_cat","embeddable":true,"href":"https:\/\/docmarket-dz.com\/index.php\/wp-json\/wp\/v2\/product_cat?post=30013"},{"taxonomy":"product_tag","embeddable":true,"href":"https:\/\/docmarket-dz.com\/index.php\/wp-json\/wp\/v2\/product_tag?post=30013"}],"curies":[{"name":"wp","href":"https:\/\/api.w.org\/{rel}","templated":true}]}}